{"id":2206,"date":"2023-06-09T13:45:57","date_gmt":"2023-06-09T11:45:57","guid":{"rendered":"https:\/\/jubiler-bomar.eu\/sklep\/?post_type=product&#038;p=2206"},"modified":"2024-02-12T18:43:23","modified_gmt":"2024-02-12T17:43:23","slug":"srebrny-lancuszek-linka-osmiokatna-l02","status":"publish","type":"product","link":"https:\/\/jubiler-bomar.eu\/sklep\/produkt\/srebrny-lancuszek-linka-osmiokatna-l02\/","title":{"rendered":"Srebrny \u0142a\u0144cuszek linka o\u015bmiok\u0105tna \u014102"},"content":{"rendered":"","protected":false},"excerpt":{"rendered":"<p>Polecany \u0142a\u0144cuszek jest wzorem, z g\u0119sto rozmieszczonymi drobnymi, do\u015b\u0107 \u015bci\u015ble przylegaj\u0105cymi do siebie ogniwami. \u0141a\u0144cuszki o tym splocie s\u0105 bardzo ch\u0119tnie wybierane przez kobiety, zar\u00f3wno w wersji z zawieszkami, jak i bez nich.<\/p>\n<p>\u0141a\u0144cuszek wykonano z najwy\u017cszej jako\u015bci srebra, i b\u0119dzie on idealnie komponowa\u0142 si\u0119 wisiorkami.<\/p>\n<p>Bi\u017cuteria pi\u0119kne odbija \u015bwiat\u0142o i zapewnia niezwyk\u0142e efekty wizualne przede wszystkim \u015bwietnie uk\u0142ada si\u0119 na szyi.<\/p>\n","protected":false},"featured_media":2207,"template":"","meta":{"_et_pb_use_builder":"","_et_pb_old_content":"","_et_gb_content_width":""},"product_brand":[],"product_cat":[606],"product_tag":[],"class_list":{"0":"post-2206","1":"product","2":"type-product","3":"status-publish","4":"has-post-thumbnail","6":"product_cat-naszyjniki","7":"pa_dlugosc-cm-109","8":"pa_dlugosc-cm-przedluzka-300","9":"pa_kolor-srebrny","10":"pa_material-srebro","11":"pa_proba-87","12":"pa_producent-bomar","13":"pa_rodzaj-lancuszka-linka-osmiokatna","14":"pa_rodzaj-zapiecia-karabinczyk","15":"pa_szerokosc-391","16":"pa_termin-realizacji-1-dzien-roboczy","18":"first","19":"instock","20":"taxable","21":"shipping-taxable","22":"purchasable","23":"product-type-simple"},"yoast_head":"<!-- This site is optimized with the Yoast SEO plugin v27.4 - https:\/\/yoast.com\/product\/yoast-seo-wordpress\/ -->\n<title>Srebrny \u0142a\u0144cuszek linka o\u015bmiok\u0105tna \u014102 - Jubiler Bomar<\/title>\n<meta name=\"robots\" content=\"index, follow, max-snippet:-1, max-image-preview:large, max-video-preview:-1\" \/>\n<link rel=\"canonical\" href=\"https:\/\/jubiler-bomar.eu\/sklep\/produkt\/srebrny-lancuszek-linka-osmiokatna-l02\/\" \/>\n<meta property=\"og:locale\" content=\"pl_PL\" \/>\n<meta property=\"og:type\" content=\"article\" \/>\n<meta property=\"og:title\" content=\"Srebrny \u0142a\u0144cuszek linka o\u015bmiok\u0105tna \u014102 - Jubiler Bomar\" \/>\n<meta property=\"og:description\" content=\"Polecany \u0142a\u0144cuszek jest wzorem, z g\u0119sto rozmieszczonymi drobnymi, do\u015b\u0107 \u015bci\u015ble przylegaj\u0105cymi do siebie ogniwami. \u0141a\u0144cuszki o tym splocie s\u0105 bardzo ch\u0119tnie wybierane przez kobiety, zar\u00f3wno w wersji z zawieszkami, jak i bez nich.  \u0141a\u0144cuszek wykonano z najwy\u017cszej jako\u015bci srebra, i b\u0119dzie on idealnie komponowa\u0142 si\u0119 wisiorkami.  Bi\u017cuteria pi\u0119kne odbija \u015bwiat\u0142o i zapewnia niezwyk\u0142e efekty wizualne przede wszystkim \u015bwietnie uk\u0142ada si\u0119 na szyi.\" \/>\n<meta property=\"og:url\" content=\"https:\/\/jubiler-bomar.eu\/sklep\/produkt\/srebrny-lancuszek-linka-osmiokatna-l02\/\" \/>\n<meta property=\"og:site_name\" content=\"Jubiler Bomar\" \/>\n<meta property=\"article:publisher\" content=\"https:\/\/www.facebook.com\/BomarJewellery\" \/>\n<meta property=\"article:modified_time\" content=\"2024-02-12T17:43:23+00:00\" \/>\n<meta property=\"og:image\" content=\"https:\/\/jubiler-bomar.eu\/sklep\/wp-content\/uploads\/2023\/06\/lancuszek-srebrny-linka-001b.jpg\" \/>\n\t<meta property=\"og:image:width\" content=\"1200\" \/>\n\t<meta property=\"og:image:height\" content=\"1200\" \/>\n\t<meta property=\"og:image:type\" content=\"image\/jpeg\" \/>\n<meta name=\"twitter:card\" content=\"summary_large_image\" \/>\n<meta name=\"twitter:label1\" content=\"Szacowany czas czytania\" \/>\n\t<meta name=\"twitter:data1\" content=\"1 minuta\" \/>\n<script type=\"application\/ld+json\" class=\"yoast-schema-graph\">{\"@context\":\"https:\\\/\\\/schema.org\",\"@graph\":[{\"@type\":\"WebPage\",\"@id\":\"https:\\\/\\\/jubiler-bomar.eu\\\/sklep\\\/produkt\\\/srebrny-lancuszek-linka-osmiokatna-l02\\\/\",\"url\":\"https:\\\/\\\/jubiler-bomar.eu\\\/sklep\\\/produkt\\\/srebrny-lancuszek-linka-osmiokatna-l02\\\/\",\"name\":\"Srebrny \u0142a\u0144cuszek linka o\u015bmiok\u0105tna \u014102 - Jubiler Bomar\",\"isPartOf\":{\"@id\":\"https:\\\/\\\/jubiler-bomar.eu\\\/sklep\\\/#website\"},\"primaryImageOfPage\":{\"@id\":\"https:\\\/\\\/jubiler-bomar.eu\\\/sklep\\\/produkt\\\/srebrny-lancuszek-linka-osmiokatna-l02\\\/#primaryimage\"},\"image\":{\"@id\":\"https:\\\/\\\/jubiler-bomar.eu\\\/sklep\\\/produkt\\\/srebrny-lancuszek-linka-osmiokatna-l02\\\/#primaryimage\"},\"thumbnailUrl\":\"https:\\\/\\\/jubiler-bomar.eu\\\/sklep\\\/wp-content\\\/uploads\\\/2023\\\/06\\\/lancuszek-srebrny-linka-001b.jpg\",\"datePublished\":\"2023-06-09T11:45:57+00:00\",\"dateModified\":\"2024-02-12T17:43:23+00:00\",\"breadcrumb\":{\"@id\":\"https:\\\/\\\/jubiler-bomar.eu\\\/sklep\\\/produkt\\\/srebrny-lancuszek-linka-osmiokatna-l02\\\/#breadcrumb\"},\"inLanguage\":\"pl-PL\",\"potentialAction\":[{\"@type\":\"ReadAction\",\"target\":[\"https:\\\/\\\/jubiler-bomar.eu\\\/sklep\\\/produkt\\\/srebrny-lancuszek-linka-osmiokatna-l02\\\/\"]}]},{\"@type\":\"ImageObject\",\"inLanguage\":\"pl-PL\",\"@id\":\"https:\\\/\\\/jubiler-bomar.eu\\\/sklep\\\/produkt\\\/srebrny-lancuszek-linka-osmiokatna-l02\\\/#primaryimage\",\"url\":\"https:\\\/\\\/jubiler-bomar.eu\\\/sklep\\\/wp-content\\\/uploads\\\/2023\\\/06\\\/lancuszek-srebrny-linka-001b.jpg\",\"contentUrl\":\"https:\\\/\\\/jubiler-bomar.eu\\\/sklep\\\/wp-content\\\/uploads\\\/2023\\\/06\\\/lancuszek-srebrny-linka-001b.jpg\",\"width\":1200,\"height\":1200},{\"@type\":\"BreadcrumbList\",\"@id\":\"https:\\\/\\\/jubiler-bomar.eu\\\/sklep\\\/produkt\\\/srebrny-lancuszek-linka-osmiokatna-l02\\\/#breadcrumb\",\"itemListElement\":[{\"@type\":\"ListItem\",\"position\":1,\"name\":\"Strona g\u0142\u00f3wna\",\"item\":\"https:\\\/\\\/jubiler-bomar.eu\\\/sklep\\\/\"},{\"@type\":\"ListItem\",\"position\":2,\"name\":\"Sklep\",\"item\":\"https:\\\/\\\/jubiler-bomar.eu\\\/sklep\\\/sklep\\\/\"},{\"@type\":\"ListItem\",\"position\":3,\"name\":\"Srebrny \u0142a\u0144cuszek linka o\u015bmiok\u0105tna \u014102\"}]},{\"@type\":\"WebSite\",\"@id\":\"https:\\\/\\\/jubiler-bomar.eu\\\/sklep\\\/#website\",\"url\":\"https:\\\/\\\/jubiler-bomar.eu\\\/sklep\\\/\",\"name\":\"Jubiler BOMAR\",\"description\":\"\",\"publisher\":{\"@id\":\"https:\\\/\\\/jubiler-bomar.eu\\\/sklep\\\/#organization\"},\"potentialAction\":[{\"@type\":\"SearchAction\",\"target\":{\"@type\":\"EntryPoint\",\"urlTemplate\":\"https:\\\/\\\/jubiler-bomar.eu\\\/sklep\\\/?s={search_term_string}\"},\"query-input\":{\"@type\":\"PropertyValueSpecification\",\"valueRequired\":true,\"valueName\":\"search_term_string\"}}],\"inLanguage\":\"pl-PL\"},{\"@type\":\"Organization\",\"@id\":\"https:\\\/\\\/jubiler-bomar.eu\\\/sklep\\\/#organization\",\"name\":\"Jubiler Bomar\",\"url\":\"https:\\\/\\\/jubiler-bomar.eu\\\/sklep\\\/\",\"logo\":{\"@type\":\"ImageObject\",\"inLanguage\":\"pl-PL\",\"@id\":\"https:\\\/\\\/jubiler-bomar.eu\\\/sklep\\\/#\\\/schema\\\/logo\\\/image\\\/\",\"url\":\"https:\\\/\\\/jubiler-bomar.eu\\\/sklep\\\/wp-content\\\/uploads\\\/2023\\\/02\\\/bomar-jubiler-logo-1.jpg\",\"contentUrl\":\"https:\\\/\\\/jubiler-bomar.eu\\\/sklep\\\/wp-content\\\/uploads\\\/2023\\\/02\\\/bomar-jubiler-logo-1.jpg\",\"width\":500,\"height\":156,\"caption\":\"Jubiler Bomar\"},\"image\":{\"@id\":\"https:\\\/\\\/jubiler-bomar.eu\\\/sklep\\\/#\\\/schema\\\/logo\\\/image\\\/\"},\"sameAs\":[\"https:\\\/\\\/www.facebook.com\\\/BomarJewellery\"]}]}<\/script>\n<!-- \/ Yoast SEO plugin. -->","yoast_head_json":{"title":"Srebrny \u0142a\u0144cuszek linka o\u015bmiok\u0105tna \u014102 - Jubiler Bomar","robots":{"index":"index","follow":"follow","max-snippet":"max-snippet:-1","max-image-preview":"max-image-preview:large","max-video-preview":"max-video-preview:-1"},"canonical":"https:\/\/jubiler-bomar.eu\/sklep\/produkt\/srebrny-lancuszek-linka-osmiokatna-l02\/","og_locale":"pl_PL","og_type":"article","og_title":"Srebrny \u0142a\u0144cuszek linka o\u015bmiok\u0105tna \u014102 - Jubiler Bomar","og_description":"Polecany \u0142a\u0144cuszek jest wzorem, z g\u0119sto rozmieszczonymi drobnymi, do\u015b\u0107 \u015bci\u015ble przylegaj\u0105cymi do siebie ogniwami. \u0141a\u0144cuszki o tym splocie s\u0105 bardzo ch\u0119tnie wybierane przez kobiety, zar\u00f3wno w wersji z zawieszkami, jak i bez nich.  \u0141a\u0144cuszek wykonano z najwy\u017cszej jako\u015bci srebra, i b\u0119dzie on idealnie komponowa\u0142 si\u0119 wisiorkami.  Bi\u017cuteria pi\u0119kne odbija \u015bwiat\u0142o i zapewnia niezwyk\u0142e efekty wizualne przede wszystkim \u015bwietnie uk\u0142ada si\u0119 na szyi.","og_url":"https:\/\/jubiler-bomar.eu\/sklep\/produkt\/srebrny-lancuszek-linka-osmiokatna-l02\/","og_site_name":"Jubiler Bomar","article_publisher":"https:\/\/www.facebook.com\/BomarJewellery","article_modified_time":"2024-02-12T17:43:23+00:00","og_image":[{"width":1200,"height":1200,"url":"https:\/\/jubiler-bomar.eu\/sklep\/wp-content\/uploads\/2023\/06\/lancuszek-srebrny-linka-001b.jpg","type":"image\/jpeg"}],"twitter_card":"summary_large_image","twitter_misc":{"Szacowany czas czytania":"1 minuta"},"schema":{"@context":"https:\/\/schema.org","@graph":[{"@type":"WebPage","@id":"https:\/\/jubiler-bomar.eu\/sklep\/produkt\/srebrny-lancuszek-linka-osmiokatna-l02\/","url":"https:\/\/jubiler-bomar.eu\/sklep\/produkt\/srebrny-lancuszek-linka-osmiokatna-l02\/","name":"Srebrny \u0142a\u0144cuszek linka o\u015bmiok\u0105tna \u014102 - Jubiler Bomar","isPartOf":{"@id":"https:\/\/jubiler-bomar.eu\/sklep\/#website"},"primaryImageOfPage":{"@id":"https:\/\/jubiler-bomar.eu\/sklep\/produkt\/srebrny-lancuszek-linka-osmiokatna-l02\/#primaryimage"},"image":{"@id":"https:\/\/jubiler-bomar.eu\/sklep\/produkt\/srebrny-lancuszek-linka-osmiokatna-l02\/#primaryimage"},"thumbnailUrl":"https:\/\/jubiler-bomar.eu\/sklep\/wp-content\/uploads\/2023\/06\/lancuszek-srebrny-linka-001b.jpg","datePublished":"2023-06-09T11:45:57+00:00","dateModified":"2024-02-12T17:43:23+00:00","breadcrumb":{"@id":"https:\/\/jubiler-bomar.eu\/sklep\/produkt\/srebrny-lancuszek-linka-osmiokatna-l02\/#breadcrumb"},"inLanguage":"pl-PL","potentialAction":[{"@type":"ReadAction","target":["https:\/\/jubiler-bomar.eu\/sklep\/produkt\/srebrny-lancuszek-linka-osmiokatna-l02\/"]}]},{"@type":"ImageObject","inLanguage":"pl-PL","@id":"https:\/\/jubiler-bomar.eu\/sklep\/produkt\/srebrny-lancuszek-linka-osmiokatna-l02\/#primaryimage","url":"https:\/\/jubiler-bomar.eu\/sklep\/wp-content\/uploads\/2023\/06\/lancuszek-srebrny-linka-001b.jpg","contentUrl":"https:\/\/jubiler-bomar.eu\/sklep\/wp-content\/uploads\/2023\/06\/lancuszek-srebrny-linka-001b.jpg","width":1200,"height":1200},{"@type":"BreadcrumbList","@id":"https:\/\/jubiler-bomar.eu\/sklep\/produkt\/srebrny-lancuszek-linka-osmiokatna-l02\/#breadcrumb","itemListElement":[{"@type":"ListItem","position":1,"name":"Strona g\u0142\u00f3wna","item":"https:\/\/jubiler-bomar.eu\/sklep\/"},{"@type":"ListItem","position":2,"name":"Sklep","item":"https:\/\/jubiler-bomar.eu\/sklep\/sklep\/"},{"@type":"ListItem","position":3,"name":"Srebrny \u0142a\u0144cuszek linka o\u015bmiok\u0105tna \u014102"}]},{"@type":"WebSite","@id":"https:\/\/jubiler-bomar.eu\/sklep\/#website","url":"https:\/\/jubiler-bomar.eu\/sklep\/","name":"Jubiler BOMAR","description":"","publisher":{"@id":"https:\/\/jubiler-bomar.eu\/sklep\/#organization"},"potentialAction":[{"@type":"SearchAction","target":{"@type":"EntryPoint","urlTemplate":"https:\/\/jubiler-bomar.eu\/sklep\/?s={search_term_string}"},"query-input":{"@type":"PropertyValueSpecification","valueRequired":true,"valueName":"search_term_string"}}],"inLanguage":"pl-PL"},{"@type":"Organization","@id":"https:\/\/jubiler-bomar.eu\/sklep\/#organization","name":"Jubiler Bomar","url":"https:\/\/jubiler-bomar.eu\/sklep\/","logo":{"@type":"ImageObject","inLanguage":"pl-PL","@id":"https:\/\/jubiler-bomar.eu\/sklep\/#\/schema\/logo\/image\/","url":"https:\/\/jubiler-bomar.eu\/sklep\/wp-content\/uploads\/2023\/02\/bomar-jubiler-logo-1.jpg","contentUrl":"https:\/\/jubiler-bomar.eu\/sklep\/wp-content\/uploads\/2023\/02\/bomar-jubiler-logo-1.jpg","width":500,"height":156,"caption":"Jubiler Bomar"},"image":{"@id":"https:\/\/jubiler-bomar.eu\/sklep\/#\/schema\/logo\/image\/"},"sameAs":["https:\/\/www.facebook.com\/BomarJewellery"]}]}},"_links":{"self":[{"href":"https:\/\/jubiler-bomar.eu\/sklep\/wp-json\/wp\/v2\/product\/2206","targetHints":{"allow":["GET"]}}],"collection":[{"href":"https:\/\/jubiler-bomar.eu\/sklep\/wp-json\/wp\/v2\/product"}],"about":[{"href":"https:\/\/jubiler-bomar.eu\/sklep\/wp-json\/wp\/v2\/types\/product"}],"wp:featuredmedia":[{"embeddable":true,"href":"https:\/\/jubiler-bomar.eu\/sklep\/wp-json\/wp\/v2\/media\/2207"}],"wp:attachment":[{"href":"https:\/\/jubiler-bomar.eu\/sklep\/wp-json\/wp\/v2\/media?parent=2206"}],"wp:term":[{"taxonomy":"product_brand","embeddable":true,"href":"https:\/\/jubiler-bomar.eu\/sklep\/wp-json\/wp\/v2\/product_brand?post=2206"},{"taxonomy":"product_cat","embeddable":true,"href":"https:\/\/jubiler-bomar.eu\/sklep\/wp-json\/wp\/v2\/product_cat?post=2206"},{"taxonomy":"product_tag","embeddable":true,"href":"https:\/\/jubiler-bomar.eu\/sklep\/wp-json\/wp\/v2\/product_tag?post=2206"}],"curies":[{"name":"wp","href":"https:\/\/api.w.org\/{rel}","templated":true}]}}