{"id":7701,"date":"2025-10-29T13:21:18","date_gmt":"2025-10-29T12:21:18","guid":{"rendered":"https:\/\/jubiler-bomar.eu\/sklep\/?post_type=product&#038;p=7701"},"modified":"2026-04-08T01:15:24","modified_gmt":"2026-04-07T23:15:24","slug":"kolczyki-srebrne-proba-925-z-krzemieniem-pasiastym-naturalny-kamien-kp25","status":"publish","type":"product","link":"https:\/\/jubiler-bomar.eu\/sklep\/produkt\/kolczyki-srebrne-proba-925-z-krzemieniem-pasiastym-naturalny-kamien-kp25\/","title":{"rendered":"Kolczyki srebrne pr\u00f3ba 925 z krzemieniem pasiastym naturalny kamie\u0144 KP25"},"content":{"rendered":"<div class=\"mpof_ki myre_zn myre_8v_l m389_6m_l\">\n<div class=\"mp4t_16_s mryx_16_s mr3m_1 mli2_1 mh85_56 mh85_0_l\">\n<div class=\"mgn2_16 _0d3bd_am0a-\">\n<p><b>Pakowanie na prezent<\/b><\/p>\n<p>Eleganckie pude\u0142ko Jubiler BOMAR<\/p>\n<p>W zestawie certyfikat autentyczno\u015bci oraz kr\u00f3tka ulotka o krzemieniu pasiastym (PL\/EN).<\/p>\n<\/div>\n<\/div>\n<\/div>\n","protected":false},"excerpt":{"rendered":"<p>Nowoczesna forma, <b>naturalny kamie\u0144<\/b>. Kolczyki \u201eSquare\u201d wykonane ze srebra Ag 925, zabezpieczone przed ciemnieniem. Centralny <b>krzemie\u0144 pasiasty<\/b> nadaje bi\u017cuterii charakter i <b>niepowtarzalny<\/b> rysunek.<\/p>\n","protected":false},"featured_media":7702,"template":"","meta":{"_et_pb_use_builder":"","_et_pb_old_content":"","_et_gb_content_width":""},"product_brand":[],"product_cat":[953,605,959],"product_tag":[],"class_list":{"0":"post-7701","1":"product","2":"type-product","3":"status-publish","4":"has-post-thumbnail","6":"product_cat-bizuteria-z-krzemieniem-pasiastym","7":"product_cat-kolczyki","8":"product_cat-kolczyki-krzemien-pasiasty","9":"pa_kolor-srebrny","10":"pa_material-srebro","11":"pa_proba-87","12":"pa_producent-bomar","13":"pa_rodzaj-kamienia-krzemien-pasiasty","14":"pa_rodzaj-zapiecia-sztyft","15":"pa_szerokosc-870","16":"pa_termin-realizacji-1-dzien-roboczy","17":"pa_wysokosc-827","19":"first","20":"instock","21":"taxable","22":"shipping-taxable","23":"purchasable","24":"product-type-simple"},"yoast_head":"<!-- This site is optimized with the Yoast SEO plugin v27.4 - https:\/\/yoast.com\/product\/yoast-seo-wordpress\/ -->\n<title>Kolczyki srebrne pr\u00f3ba 925 z krzemieniem pasiastym naturalny kamie\u0144 KP25 - Jubiler Bomar<\/title>\n<meta name=\"robots\" content=\"index, follow, max-snippet:-1, max-image-preview:large, max-video-preview:-1\" \/>\n<link rel=\"canonical\" href=\"https:\/\/jubiler-bomar.eu\/sklep\/produkt\/kolczyki-srebrne-proba-925-z-krzemieniem-pasiastym-naturalny-kamien-kp25\/\" \/>\n<meta property=\"og:locale\" content=\"pl_PL\" \/>\n<meta property=\"og:type\" content=\"article\" \/>\n<meta property=\"og:title\" content=\"Kolczyki srebrne pr\u00f3ba 925 z krzemieniem pasiastym naturalny kamie\u0144 KP25 - Jubiler Bomar\" \/>\n<meta property=\"og:description\" content=\"Nowoczesna forma, naturalny kamie\u0144. Kolczyki \u201eSquare\u201d wykonane ze srebra Ag 925, zabezpieczone przed ciemnieniem. Centralny krzemie\u0144 pasiasty nadaje bi\u017cuterii charakter i niepowtarzalny rysunek.\" \/>\n<meta property=\"og:url\" content=\"https:\/\/jubiler-bomar.eu\/sklep\/produkt\/kolczyki-srebrne-proba-925-z-krzemieniem-pasiastym-naturalny-kamien-kp25\/\" \/>\n<meta property=\"og:site_name\" content=\"Jubiler Bomar\" \/>\n<meta property=\"article:publisher\" content=\"https:\/\/www.facebook.com\/BomarJewellery\" \/>\n<meta property=\"article:modified_time\" content=\"2026-04-07T23:15:24+00:00\" \/>\n<meta property=\"og:image\" content=\"https:\/\/jubiler-bomar.eu\/sklep\/wp-content\/uploads\/2025\/10\/6f18f6ae-9e8b-41d8-af05-979c9546f5de.jpg\" \/>\n\t<meta property=\"og:image:width\" content=\"1024\" \/>\n\t<meta property=\"og:image:height\" content=\"1024\" \/>\n\t<meta property=\"og:image:type\" content=\"image\/jpeg\" \/>\n<meta name=\"twitter:card\" content=\"summary_large_image\" \/>\n<meta name=\"twitter:label1\" content=\"Szacowany czas czytania\" \/>\n\t<meta name=\"twitter:data1\" content=\"1 minuta\" \/>\n<script type=\"application\/ld+json\" class=\"yoast-schema-graph\">{\"@context\":\"https:\\\/\\\/schema.org\",\"@graph\":[{\"@type\":\"WebPage\",\"@id\":\"https:\\\/\\\/jubiler-bomar.eu\\\/sklep\\\/produkt\\\/kolczyki-srebrne-proba-925-z-krzemieniem-pasiastym-naturalny-kamien-kp25\\\/\",\"url\":\"https:\\\/\\\/jubiler-bomar.eu\\\/sklep\\\/produkt\\\/kolczyki-srebrne-proba-925-z-krzemieniem-pasiastym-naturalny-kamien-kp25\\\/\",\"name\":\"Kolczyki srebrne pr\u00f3ba 925 z krzemieniem pasiastym naturalny kamie\u0144 KP25 - Jubiler Bomar\",\"isPartOf\":{\"@id\":\"https:\\\/\\\/jubiler-bomar.eu\\\/sklep\\\/#website\"},\"primaryImageOfPage\":{\"@id\":\"https:\\\/\\\/jubiler-bomar.eu\\\/sklep\\\/produkt\\\/kolczyki-srebrne-proba-925-z-krzemieniem-pasiastym-naturalny-kamien-kp25\\\/#primaryimage\"},\"image\":{\"@id\":\"https:\\\/\\\/jubiler-bomar.eu\\\/sklep\\\/produkt\\\/kolczyki-srebrne-proba-925-z-krzemieniem-pasiastym-naturalny-kamien-kp25\\\/#primaryimage\"},\"thumbnailUrl\":\"https:\\\/\\\/jubiler-bomar.eu\\\/sklep\\\/wp-content\\\/uploads\\\/2025\\\/10\\\/6f18f6ae-9e8b-41d8-af05-979c9546f5de.jpg\",\"datePublished\":\"2025-10-29T12:21:18+00:00\",\"dateModified\":\"2026-04-07T23:15:24+00:00\",\"breadcrumb\":{\"@id\":\"https:\\\/\\\/jubiler-bomar.eu\\\/sklep\\\/produkt\\\/kolczyki-srebrne-proba-925-z-krzemieniem-pasiastym-naturalny-kamien-kp25\\\/#breadcrumb\"},\"inLanguage\":\"pl-PL\",\"potentialAction\":[{\"@type\":\"ReadAction\",\"target\":[\"https:\\\/\\\/jubiler-bomar.eu\\\/sklep\\\/produkt\\\/kolczyki-srebrne-proba-925-z-krzemieniem-pasiastym-naturalny-kamien-kp25\\\/\"]}]},{\"@type\":\"ImageObject\",\"inLanguage\":\"pl-PL\",\"@id\":\"https:\\\/\\\/jubiler-bomar.eu\\\/sklep\\\/produkt\\\/kolczyki-srebrne-proba-925-z-krzemieniem-pasiastym-naturalny-kamien-kp25\\\/#primaryimage\",\"url\":\"https:\\\/\\\/jubiler-bomar.eu\\\/sklep\\\/wp-content\\\/uploads\\\/2025\\\/10\\\/6f18f6ae-9e8b-41d8-af05-979c9546f5de.jpg\",\"contentUrl\":\"https:\\\/\\\/jubiler-bomar.eu\\\/sklep\\\/wp-content\\\/uploads\\\/2025\\\/10\\\/6f18f6ae-9e8b-41d8-af05-979c9546f5de.jpg\",\"width\":1024,\"height\":1024},{\"@type\":\"BreadcrumbList\",\"@id\":\"https:\\\/\\\/jubiler-bomar.eu\\\/sklep\\\/produkt\\\/kolczyki-srebrne-proba-925-z-krzemieniem-pasiastym-naturalny-kamien-kp25\\\/#breadcrumb\",\"itemListElement\":[{\"@type\":\"ListItem\",\"position\":1,\"name\":\"Strona g\u0142\u00f3wna\",\"item\":\"https:\\\/\\\/jubiler-bomar.eu\\\/sklep\\\/\"},{\"@type\":\"ListItem\",\"position\":2,\"name\":\"Sklep\",\"item\":\"https:\\\/\\\/jubiler-bomar.eu\\\/sklep\\\/sklep\\\/\"},{\"@type\":\"ListItem\",\"position\":3,\"name\":\"Kolczyki srebrne pr\u00f3ba 925 z krzemieniem pasiastym naturalny kamie\u0144 KP25\"}]},{\"@type\":\"WebSite\",\"@id\":\"https:\\\/\\\/jubiler-bomar.eu\\\/sklep\\\/#website\",\"url\":\"https:\\\/\\\/jubiler-bomar.eu\\\/sklep\\\/\",\"name\":\"Jubiler BOMAR\",\"description\":\"\",\"publisher\":{\"@id\":\"https:\\\/\\\/jubiler-bomar.eu\\\/sklep\\\/#organization\"},\"potentialAction\":[{\"@type\":\"SearchAction\",\"target\":{\"@type\":\"EntryPoint\",\"urlTemplate\":\"https:\\\/\\\/jubiler-bomar.eu\\\/sklep\\\/?s={search_term_string}\"},\"query-input\":{\"@type\":\"PropertyValueSpecification\",\"valueRequired\":true,\"valueName\":\"search_term_string\"}}],\"inLanguage\":\"pl-PL\"},{\"@type\":\"Organization\",\"@id\":\"https:\\\/\\\/jubiler-bomar.eu\\\/sklep\\\/#organization\",\"name\":\"Jubiler Bomar\",\"url\":\"https:\\\/\\\/jubiler-bomar.eu\\\/sklep\\\/\",\"logo\":{\"@type\":\"ImageObject\",\"inLanguage\":\"pl-PL\",\"@id\":\"https:\\\/\\\/jubiler-bomar.eu\\\/sklep\\\/#\\\/schema\\\/logo\\\/image\\\/\",\"url\":\"https:\\\/\\\/jubiler-bomar.eu\\\/sklep\\\/wp-content\\\/uploads\\\/2023\\\/02\\\/bomar-jubiler-logo-1.jpg\",\"contentUrl\":\"https:\\\/\\\/jubiler-bomar.eu\\\/sklep\\\/wp-content\\\/uploads\\\/2023\\\/02\\\/bomar-jubiler-logo-1.jpg\",\"width\":500,\"height\":156,\"caption\":\"Jubiler Bomar\"},\"image\":{\"@id\":\"https:\\\/\\\/jubiler-bomar.eu\\\/sklep\\\/#\\\/schema\\\/logo\\\/image\\\/\"},\"sameAs\":[\"https:\\\/\\\/www.facebook.com\\\/BomarJewellery\"]}]}<\/script>\n<!-- \/ Yoast SEO plugin. -->","yoast_head_json":{"title":"Kolczyki srebrne pr\u00f3ba 925 z krzemieniem pasiastym naturalny kamie\u0144 KP25 - Jubiler Bomar","robots":{"index":"index","follow":"follow","max-snippet":"max-snippet:-1","max-image-preview":"max-image-preview:large","max-video-preview":"max-video-preview:-1"},"canonical":"https:\/\/jubiler-bomar.eu\/sklep\/produkt\/kolczyki-srebrne-proba-925-z-krzemieniem-pasiastym-naturalny-kamien-kp25\/","og_locale":"pl_PL","og_type":"article","og_title":"Kolczyki srebrne pr\u00f3ba 925 z krzemieniem pasiastym naturalny kamie\u0144 KP25 - Jubiler Bomar","og_description":"Nowoczesna forma, naturalny kamie\u0144. Kolczyki \u201eSquare\u201d wykonane ze srebra Ag 925, zabezpieczone przed ciemnieniem. Centralny krzemie\u0144 pasiasty nadaje bi\u017cuterii charakter i niepowtarzalny rysunek.","og_url":"https:\/\/jubiler-bomar.eu\/sklep\/produkt\/kolczyki-srebrne-proba-925-z-krzemieniem-pasiastym-naturalny-kamien-kp25\/","og_site_name":"Jubiler Bomar","article_publisher":"https:\/\/www.facebook.com\/BomarJewellery","article_modified_time":"2026-04-07T23:15:24+00:00","og_image":[{"width":1024,"height":1024,"url":"https:\/\/jubiler-bomar.eu\/sklep\/wp-content\/uploads\/2025\/10\/6f18f6ae-9e8b-41d8-af05-979c9546f5de.jpg","type":"image\/jpeg"}],"twitter_card":"summary_large_image","twitter_misc":{"Szacowany czas czytania":"1 minuta"},"schema":{"@context":"https:\/\/schema.org","@graph":[{"@type":"WebPage","@id":"https:\/\/jubiler-bomar.eu\/sklep\/produkt\/kolczyki-srebrne-proba-925-z-krzemieniem-pasiastym-naturalny-kamien-kp25\/","url":"https:\/\/jubiler-bomar.eu\/sklep\/produkt\/kolczyki-srebrne-proba-925-z-krzemieniem-pasiastym-naturalny-kamien-kp25\/","name":"Kolczyki srebrne pr\u00f3ba 925 z krzemieniem pasiastym naturalny kamie\u0144 KP25 - Jubiler Bomar","isPartOf":{"@id":"https:\/\/jubiler-bomar.eu\/sklep\/#website"},"primaryImageOfPage":{"@id":"https:\/\/jubiler-bomar.eu\/sklep\/produkt\/kolczyki-srebrne-proba-925-z-krzemieniem-pasiastym-naturalny-kamien-kp25\/#primaryimage"},"image":{"@id":"https:\/\/jubiler-bomar.eu\/sklep\/produkt\/kolczyki-srebrne-proba-925-z-krzemieniem-pasiastym-naturalny-kamien-kp25\/#primaryimage"},"thumbnailUrl":"https:\/\/jubiler-bomar.eu\/sklep\/wp-content\/uploads\/2025\/10\/6f18f6ae-9e8b-41d8-af05-979c9546f5de.jpg","datePublished":"2025-10-29T12:21:18+00:00","dateModified":"2026-04-07T23:15:24+00:00","breadcrumb":{"@id":"https:\/\/jubiler-bomar.eu\/sklep\/produkt\/kolczyki-srebrne-proba-925-z-krzemieniem-pasiastym-naturalny-kamien-kp25\/#breadcrumb"},"inLanguage":"pl-PL","potentialAction":[{"@type":"ReadAction","target":["https:\/\/jubiler-bomar.eu\/sklep\/produkt\/kolczyki-srebrne-proba-925-z-krzemieniem-pasiastym-naturalny-kamien-kp25\/"]}]},{"@type":"ImageObject","inLanguage":"pl-PL","@id":"https:\/\/jubiler-bomar.eu\/sklep\/produkt\/kolczyki-srebrne-proba-925-z-krzemieniem-pasiastym-naturalny-kamien-kp25\/#primaryimage","url":"https:\/\/jubiler-bomar.eu\/sklep\/wp-content\/uploads\/2025\/10\/6f18f6ae-9e8b-41d8-af05-979c9546f5de.jpg","contentUrl":"https:\/\/jubiler-bomar.eu\/sklep\/wp-content\/uploads\/2025\/10\/6f18f6ae-9e8b-41d8-af05-979c9546f5de.jpg","width":1024,"height":1024},{"@type":"BreadcrumbList","@id":"https:\/\/jubiler-bomar.eu\/sklep\/produkt\/kolczyki-srebrne-proba-925-z-krzemieniem-pasiastym-naturalny-kamien-kp25\/#breadcrumb","itemListElement":[{"@type":"ListItem","position":1,"name":"Strona g\u0142\u00f3wna","item":"https:\/\/jubiler-bomar.eu\/sklep\/"},{"@type":"ListItem","position":2,"name":"Sklep","item":"https:\/\/jubiler-bomar.eu\/sklep\/sklep\/"},{"@type":"ListItem","position":3,"name":"Kolczyki srebrne pr\u00f3ba 925 z krzemieniem pasiastym naturalny kamie\u0144 KP25"}]},{"@type":"WebSite","@id":"https:\/\/jubiler-bomar.eu\/sklep\/#website","url":"https:\/\/jubiler-bomar.eu\/sklep\/","name":"Jubiler BOMAR","description":"","publisher":{"@id":"https:\/\/jubiler-bomar.eu\/sklep\/#organization"},"potentialAction":[{"@type":"SearchAction","target":{"@type":"EntryPoint","urlTemplate":"https:\/\/jubiler-bomar.eu\/sklep\/?s={search_term_string}"},"query-input":{"@type":"PropertyValueSpecification","valueRequired":true,"valueName":"search_term_string"}}],"inLanguage":"pl-PL"},{"@type":"Organization","@id":"https:\/\/jubiler-bomar.eu\/sklep\/#organization","name":"Jubiler Bomar","url":"https:\/\/jubiler-bomar.eu\/sklep\/","logo":{"@type":"ImageObject","inLanguage":"pl-PL","@id":"https:\/\/jubiler-bomar.eu\/sklep\/#\/schema\/logo\/image\/","url":"https:\/\/jubiler-bomar.eu\/sklep\/wp-content\/uploads\/2023\/02\/bomar-jubiler-logo-1.jpg","contentUrl":"https:\/\/jubiler-bomar.eu\/sklep\/wp-content\/uploads\/2023\/02\/bomar-jubiler-logo-1.jpg","width":500,"height":156,"caption":"Jubiler Bomar"},"image":{"@id":"https:\/\/jubiler-bomar.eu\/sklep\/#\/schema\/logo\/image\/"},"sameAs":["https:\/\/www.facebook.com\/BomarJewellery"]}]}},"_links":{"self":[{"href":"https:\/\/jubiler-bomar.eu\/sklep\/wp-json\/wp\/v2\/product\/7701","targetHints":{"allow":["GET"]}}],"collection":[{"href":"https:\/\/jubiler-bomar.eu\/sklep\/wp-json\/wp\/v2\/product"}],"about":[{"href":"https:\/\/jubiler-bomar.eu\/sklep\/wp-json\/wp\/v2\/types\/product"}],"wp:featuredmedia":[{"embeddable":true,"href":"https:\/\/jubiler-bomar.eu\/sklep\/wp-json\/wp\/v2\/media\/7702"}],"wp:attachment":[{"href":"https:\/\/jubiler-bomar.eu\/sklep\/wp-json\/wp\/v2\/media?parent=7701"}],"wp:term":[{"taxonomy":"product_brand","embeddable":true,"href":"https:\/\/jubiler-bomar.eu\/sklep\/wp-json\/wp\/v2\/product_brand?post=7701"},{"taxonomy":"product_cat","embeddable":true,"href":"https:\/\/jubiler-bomar.eu\/sklep\/wp-json\/wp\/v2\/product_cat?post=7701"},{"taxonomy":"product_tag","embeddable":true,"href":"https:\/\/jubiler-bomar.eu\/sklep\/wp-json\/wp\/v2\/product_tag?post=7701"}],"curies":[{"name":"wp","href":"https:\/\/api.w.org\/{rel}","templated":true}]}}