{"id":8051,"date":"2025-12-30T14:38:41","date_gmt":"2025-12-30T13:38:41","guid":{"rendered":"https:\/\/jubiler-bomar.eu\/sklep\/?post_type=product&#038;p=8051"},"modified":"2026-03-18T11:48:16","modified_gmt":"2026-03-18T10:48:16","slug":"pierscionek-srebrny-925-z-naturalnym-bursztynem-certyfikat-p46","status":"publish","type":"product","link":"https:\/\/jubiler-bomar.eu\/sklep\/produkt\/pierscionek-srebrny-925-z-naturalnym-bursztynem-certyfikat-p46\/","title":{"rendered":"Pier\u015bcionek srebrny 925 z naturalnym bursztynem certyfikat P46"},"content":{"rendered":"<div class=\"mpof_ki myre_zn myre_8v_l m389_6m_l\">\n<div class=\"mp4t_16_s mryx_16_s mr3m_1 mli2_1 mh85_56 mh85_0_l\">\n<div class=\"mg9e_8 mj7a_8 mg9e_0_s mvrt_0_s mj7a_0_s mh36_0_s mzmg_6m munh_16_l m3h2_16_l\">\n<div class=\"mp4t_0 mryx_0 munh_56 m3h2_56\">\n<div class=\"mp7g_oh\"><\/div>\n<\/div>\n<\/div>\n<\/div>\n<div class=\"mp4t_16_s mryx_16_s mr3m_1 mli2_1 mh85_56 mh85_0_l\">\n<div class=\"mgn2_16 _0d3bd_am0a-\">\n<p><b>\u2728 Dlaczego warto?<\/b><\/p>\n<ul>\n<li>Srebro pr\u00f3by 925 zabezpieczone przed ciemnieniem \u2013 pier\u015bcionek na d\u0142ugo pozostaje jasny i l\u015bni\u0105cy.<\/li>\n<li>Naturalny bursztyn \u2013 ka\u017cdy kamie\u0144 jest unikatowy, z indywidualnym uk\u0142adem inkluzji.<\/li>\n<li>Du\u017cy, efektowny kamie\u0144 \u2013 \u015brednica z opraw\u0105 ok. 20,30 mm robi wra\u017cenie na d\u0142oni.<\/li>\n<li>Gotowy na prezent \u2013 eleganckie, firmowe opakowanie jubilerskie + certyfikat.<\/li>\n<\/ul>\n<\/div>\n<\/div>\n<\/div>\n","protected":false},"excerpt":{"rendered":"<div class=\"mp4t_16_s mryx_16_s mr3m_1 mli2_1 mh85_56 mh85_0_l\">\n<div class=\"mg9e_8 mj7a_8 mg9e_0_s mvrt_0_s mj7a_0_s mh36_0_s mzmg_6m munh_16_l m3h2_16_l\">\n<div class=\"mp4t_0 mryx_0 munh_56 m3h2_56\">\n<div class=\"mp7g_oh\"><\/div>\n<\/div>\n<\/div>\n<\/div>\n<div class=\"mp4t_16_s mryx_16_s mr3m_1 mli2_1 mh85_56 mh85_0_l\">\n<div class=\"mgn2_16 _0d3bd_am0a-\">\n<p>\u2705Je\u017celi szukasz bi\u017cuterii, kt\u00f3ra od razu przyci\u0105ga wzrok i jednocze\u015bnie ma w sobie nut\u0119 klasycznej elegancji \u2013 ten pier\u015bcionek jest idealnym wyborem.<\/p>\n<p>\u2705Po\u0142\u0105czenie srebra pr\u00f3by 925 i naturalnego bursztynu tworzy ponadczasowy duet, kt\u00f3ry pasuje zar\u00f3wno do codziennych stylizacji, jak i na wyj\u0105tkowe okazje.<\/p>\n<\/div>\n<\/div>\n","protected":false},"featured_media":8071,"template":"","meta":{"_et_pb_use_builder":"","_et_pb_old_content":"","_et_gb_content_width":""},"product_brand":[],"product_cat":[16,830,942,931],"product_tag":[],"class_list":{"0":"post-8051","1":"product","2":"type-product","3":"status-publish","4":"has-post-thumbnail","6":"product_cat-bez-kategorii","7":"product_cat-dzien-mamy","8":"product_cat-pierscionki","9":"product_cat-pierscionki-srebrne","10":"pa_kolor-mleczny","11":"pa_material-srebro","12":"pa_proba-87","13":"pa_producent-bomar","14":"pa_rodzaj-kamienia-bursztyn","15":"pa_rozmiar-regulowany","17":"first","18":"instock","19":"taxable","20":"shipping-taxable","21":"purchasable","22":"product-type-simple"},"yoast_head":"<!-- This site is optimized with the Yoast SEO plugin v27.4 - https:\/\/yoast.com\/product\/yoast-seo-wordpress\/ -->\n<title>Pier\u015bcionek srebrny 925 z naturalnym bursztynem certyfikat P46 - Jubiler Bomar<\/title>\n<meta name=\"robots\" content=\"index, follow, max-snippet:-1, max-image-preview:large, max-video-preview:-1\" \/>\n<link rel=\"canonical\" href=\"https:\/\/jubiler-bomar.eu\/sklep\/produkt\/pierscionek-srebrny-925-z-naturalnym-bursztynem-certyfikat-p46\/\" \/>\n<meta property=\"og:locale\" content=\"pl_PL\" \/>\n<meta property=\"og:type\" content=\"article\" \/>\n<meta property=\"og:title\" content=\"Pier\u015bcionek srebrny 925 z naturalnym bursztynem certyfikat P46 - Jubiler Bomar\" \/>\n<meta property=\"og:description\" content=\"\u2705Je\u017celi szukasz bi\u017cuterii, kt\u00f3ra od razu przyci\u0105ga wzrok i jednocze\u015bnie ma w sobie nut\u0119 klasycznej elegancji \u2013 ten pier\u015bcionek jest idealnym wyborem.  \u2705Po\u0142\u0105czenie srebra pr\u00f3by 925 i naturalnego bursztynu tworzy ponadczasowy duet, kt\u00f3ry pasuje zar\u00f3wno do codziennych stylizacji, jak i na wyj\u0105tkowe okazje.\" \/>\n<meta property=\"og:url\" content=\"https:\/\/jubiler-bomar.eu\/sklep\/produkt\/pierscionek-srebrny-925-z-naturalnym-bursztynem-certyfikat-p46\/\" \/>\n<meta property=\"og:site_name\" content=\"Jubiler Bomar\" \/>\n<meta property=\"article:publisher\" content=\"https:\/\/www.facebook.com\/BomarJewellery\" \/>\n<meta property=\"article:modified_time\" content=\"2026-03-18T10:48:16+00:00\" \/>\n<meta property=\"og:image\" content=\"https:\/\/jubiler-bomar.eu\/sklep\/wp-content\/uploads\/2025\/12\/pierscionek-mleczny-dobry-1.jpeg\" \/>\n\t<meta property=\"og:image:width\" content=\"800\" \/>\n\t<meta property=\"og:image:height\" content=\"800\" \/>\n\t<meta property=\"og:image:type\" content=\"image\/jpeg\" \/>\n<meta name=\"twitter:card\" content=\"summary_large_image\" \/>\n<meta name=\"twitter:label1\" content=\"Szacowany czas czytania\" \/>\n\t<meta name=\"twitter:data1\" content=\"1 minuta\" \/>\n<script type=\"application\/ld+json\" class=\"yoast-schema-graph\">{\"@context\":\"https:\\\/\\\/schema.org\",\"@graph\":[{\"@type\":\"WebPage\",\"@id\":\"https:\\\/\\\/jubiler-bomar.eu\\\/sklep\\\/produkt\\\/pierscionek-srebrny-925-z-naturalnym-bursztynem-certyfikat-p46\\\/\",\"url\":\"https:\\\/\\\/jubiler-bomar.eu\\\/sklep\\\/produkt\\\/pierscionek-srebrny-925-z-naturalnym-bursztynem-certyfikat-p46\\\/\",\"name\":\"Pier\u015bcionek srebrny 925 z naturalnym bursztynem certyfikat P46 - Jubiler Bomar\",\"isPartOf\":{\"@id\":\"https:\\\/\\\/jubiler-bomar.eu\\\/sklep\\\/#website\"},\"primaryImageOfPage\":{\"@id\":\"https:\\\/\\\/jubiler-bomar.eu\\\/sklep\\\/produkt\\\/pierscionek-srebrny-925-z-naturalnym-bursztynem-certyfikat-p46\\\/#primaryimage\"},\"image\":{\"@id\":\"https:\\\/\\\/jubiler-bomar.eu\\\/sklep\\\/produkt\\\/pierscionek-srebrny-925-z-naturalnym-bursztynem-certyfikat-p46\\\/#primaryimage\"},\"thumbnailUrl\":\"https:\\\/\\\/jubiler-bomar.eu\\\/sklep\\\/wp-content\\\/uploads\\\/2025\\\/12\\\/pierscionek-mleczny-dobry-1.jpeg\",\"datePublished\":\"2025-12-30T13:38:41+00:00\",\"dateModified\":\"2026-03-18T10:48:16+00:00\",\"breadcrumb\":{\"@id\":\"https:\\\/\\\/jubiler-bomar.eu\\\/sklep\\\/produkt\\\/pierscionek-srebrny-925-z-naturalnym-bursztynem-certyfikat-p46\\\/#breadcrumb\"},\"inLanguage\":\"pl-PL\",\"potentialAction\":[{\"@type\":\"ReadAction\",\"target\":[\"https:\\\/\\\/jubiler-bomar.eu\\\/sklep\\\/produkt\\\/pierscionek-srebrny-925-z-naturalnym-bursztynem-certyfikat-p46\\\/\"]}]},{\"@type\":\"ImageObject\",\"inLanguage\":\"pl-PL\",\"@id\":\"https:\\\/\\\/jubiler-bomar.eu\\\/sklep\\\/produkt\\\/pierscionek-srebrny-925-z-naturalnym-bursztynem-certyfikat-p46\\\/#primaryimage\",\"url\":\"https:\\\/\\\/jubiler-bomar.eu\\\/sklep\\\/wp-content\\\/uploads\\\/2025\\\/12\\\/pierscionek-mleczny-dobry-1.jpeg\",\"contentUrl\":\"https:\\\/\\\/jubiler-bomar.eu\\\/sklep\\\/wp-content\\\/uploads\\\/2025\\\/12\\\/pierscionek-mleczny-dobry-1.jpeg\",\"width\":800,\"height\":800},{\"@type\":\"BreadcrumbList\",\"@id\":\"https:\\\/\\\/jubiler-bomar.eu\\\/sklep\\\/produkt\\\/pierscionek-srebrny-925-z-naturalnym-bursztynem-certyfikat-p46\\\/#breadcrumb\",\"itemListElement\":[{\"@type\":\"ListItem\",\"position\":1,\"name\":\"Strona g\u0142\u00f3wna\",\"item\":\"https:\\\/\\\/jubiler-bomar.eu\\\/sklep\\\/\"},{\"@type\":\"ListItem\",\"position\":2,\"name\":\"Sklep\",\"item\":\"https:\\\/\\\/jubiler-bomar.eu\\\/sklep\\\/sklep\\\/\"},{\"@type\":\"ListItem\",\"position\":3,\"name\":\"Pier\u015bcionek srebrny 925 z naturalnym bursztynem certyfikat P46\"}]},{\"@type\":\"WebSite\",\"@id\":\"https:\\\/\\\/jubiler-bomar.eu\\\/sklep\\\/#website\",\"url\":\"https:\\\/\\\/jubiler-bomar.eu\\\/sklep\\\/\",\"name\":\"Jubiler BOMAR\",\"description\":\"\",\"publisher\":{\"@id\":\"https:\\\/\\\/jubiler-bomar.eu\\\/sklep\\\/#organization\"},\"potentialAction\":[{\"@type\":\"SearchAction\",\"target\":{\"@type\":\"EntryPoint\",\"urlTemplate\":\"https:\\\/\\\/jubiler-bomar.eu\\\/sklep\\\/?s={search_term_string}\"},\"query-input\":{\"@type\":\"PropertyValueSpecification\",\"valueRequired\":true,\"valueName\":\"search_term_string\"}}],\"inLanguage\":\"pl-PL\"},{\"@type\":\"Organization\",\"@id\":\"https:\\\/\\\/jubiler-bomar.eu\\\/sklep\\\/#organization\",\"name\":\"Jubiler Bomar\",\"url\":\"https:\\\/\\\/jubiler-bomar.eu\\\/sklep\\\/\",\"logo\":{\"@type\":\"ImageObject\",\"inLanguage\":\"pl-PL\",\"@id\":\"https:\\\/\\\/jubiler-bomar.eu\\\/sklep\\\/#\\\/schema\\\/logo\\\/image\\\/\",\"url\":\"https:\\\/\\\/jubiler-bomar.eu\\\/sklep\\\/wp-content\\\/uploads\\\/2023\\\/02\\\/bomar-jubiler-logo-1.jpg\",\"contentUrl\":\"https:\\\/\\\/jubiler-bomar.eu\\\/sklep\\\/wp-content\\\/uploads\\\/2023\\\/02\\\/bomar-jubiler-logo-1.jpg\",\"width\":500,\"height\":156,\"caption\":\"Jubiler Bomar\"},\"image\":{\"@id\":\"https:\\\/\\\/jubiler-bomar.eu\\\/sklep\\\/#\\\/schema\\\/logo\\\/image\\\/\"},\"sameAs\":[\"https:\\\/\\\/www.facebook.com\\\/BomarJewellery\"]}]}<\/script>\n<!-- \/ Yoast SEO plugin. -->","yoast_head_json":{"title":"Pier\u015bcionek srebrny 925 z naturalnym bursztynem certyfikat P46 - Jubiler Bomar","robots":{"index":"index","follow":"follow","max-snippet":"max-snippet:-1","max-image-preview":"max-image-preview:large","max-video-preview":"max-video-preview:-1"},"canonical":"https:\/\/jubiler-bomar.eu\/sklep\/produkt\/pierscionek-srebrny-925-z-naturalnym-bursztynem-certyfikat-p46\/","og_locale":"pl_PL","og_type":"article","og_title":"Pier\u015bcionek srebrny 925 z naturalnym bursztynem certyfikat P46 - Jubiler Bomar","og_description":"\u2705Je\u017celi szukasz bi\u017cuterii, kt\u00f3ra od razu przyci\u0105ga wzrok i jednocze\u015bnie ma w sobie nut\u0119 klasycznej elegancji \u2013 ten pier\u015bcionek jest idealnym wyborem.  \u2705Po\u0142\u0105czenie srebra pr\u00f3by 925 i naturalnego bursztynu tworzy ponadczasowy duet, kt\u00f3ry pasuje zar\u00f3wno do codziennych stylizacji, jak i na wyj\u0105tkowe okazje.","og_url":"https:\/\/jubiler-bomar.eu\/sklep\/produkt\/pierscionek-srebrny-925-z-naturalnym-bursztynem-certyfikat-p46\/","og_site_name":"Jubiler Bomar","article_publisher":"https:\/\/www.facebook.com\/BomarJewellery","article_modified_time":"2026-03-18T10:48:16+00:00","og_image":[{"width":800,"height":800,"url":"https:\/\/jubiler-bomar.eu\/sklep\/wp-content\/uploads\/2025\/12\/pierscionek-mleczny-dobry-1.jpeg","type":"image\/jpeg"}],"twitter_card":"summary_large_image","twitter_misc":{"Szacowany czas czytania":"1 minuta"},"schema":{"@context":"https:\/\/schema.org","@graph":[{"@type":"WebPage","@id":"https:\/\/jubiler-bomar.eu\/sklep\/produkt\/pierscionek-srebrny-925-z-naturalnym-bursztynem-certyfikat-p46\/","url":"https:\/\/jubiler-bomar.eu\/sklep\/produkt\/pierscionek-srebrny-925-z-naturalnym-bursztynem-certyfikat-p46\/","name":"Pier\u015bcionek srebrny 925 z naturalnym bursztynem certyfikat P46 - Jubiler Bomar","isPartOf":{"@id":"https:\/\/jubiler-bomar.eu\/sklep\/#website"},"primaryImageOfPage":{"@id":"https:\/\/jubiler-bomar.eu\/sklep\/produkt\/pierscionek-srebrny-925-z-naturalnym-bursztynem-certyfikat-p46\/#primaryimage"},"image":{"@id":"https:\/\/jubiler-bomar.eu\/sklep\/produkt\/pierscionek-srebrny-925-z-naturalnym-bursztynem-certyfikat-p46\/#primaryimage"},"thumbnailUrl":"https:\/\/jubiler-bomar.eu\/sklep\/wp-content\/uploads\/2025\/12\/pierscionek-mleczny-dobry-1.jpeg","datePublished":"2025-12-30T13:38:41+00:00","dateModified":"2026-03-18T10:48:16+00:00","breadcrumb":{"@id":"https:\/\/jubiler-bomar.eu\/sklep\/produkt\/pierscionek-srebrny-925-z-naturalnym-bursztynem-certyfikat-p46\/#breadcrumb"},"inLanguage":"pl-PL","potentialAction":[{"@type":"ReadAction","target":["https:\/\/jubiler-bomar.eu\/sklep\/produkt\/pierscionek-srebrny-925-z-naturalnym-bursztynem-certyfikat-p46\/"]}]},{"@type":"ImageObject","inLanguage":"pl-PL","@id":"https:\/\/jubiler-bomar.eu\/sklep\/produkt\/pierscionek-srebrny-925-z-naturalnym-bursztynem-certyfikat-p46\/#primaryimage","url":"https:\/\/jubiler-bomar.eu\/sklep\/wp-content\/uploads\/2025\/12\/pierscionek-mleczny-dobry-1.jpeg","contentUrl":"https:\/\/jubiler-bomar.eu\/sklep\/wp-content\/uploads\/2025\/12\/pierscionek-mleczny-dobry-1.jpeg","width":800,"height":800},{"@type":"BreadcrumbList","@id":"https:\/\/jubiler-bomar.eu\/sklep\/produkt\/pierscionek-srebrny-925-z-naturalnym-bursztynem-certyfikat-p46\/#breadcrumb","itemListElement":[{"@type":"ListItem","position":1,"name":"Strona g\u0142\u00f3wna","item":"https:\/\/jubiler-bomar.eu\/sklep\/"},{"@type":"ListItem","position":2,"name":"Sklep","item":"https:\/\/jubiler-bomar.eu\/sklep\/sklep\/"},{"@type":"ListItem","position":3,"name":"Pier\u015bcionek srebrny 925 z naturalnym bursztynem certyfikat P46"}]},{"@type":"WebSite","@id":"https:\/\/jubiler-bomar.eu\/sklep\/#website","url":"https:\/\/jubiler-bomar.eu\/sklep\/","name":"Jubiler BOMAR","description":"","publisher":{"@id":"https:\/\/jubiler-bomar.eu\/sklep\/#organization"},"potentialAction":[{"@type":"SearchAction","target":{"@type":"EntryPoint","urlTemplate":"https:\/\/jubiler-bomar.eu\/sklep\/?s={search_term_string}"},"query-input":{"@type":"PropertyValueSpecification","valueRequired":true,"valueName":"search_term_string"}}],"inLanguage":"pl-PL"},{"@type":"Organization","@id":"https:\/\/jubiler-bomar.eu\/sklep\/#organization","name":"Jubiler Bomar","url":"https:\/\/jubiler-bomar.eu\/sklep\/","logo":{"@type":"ImageObject","inLanguage":"pl-PL","@id":"https:\/\/jubiler-bomar.eu\/sklep\/#\/schema\/logo\/image\/","url":"https:\/\/jubiler-bomar.eu\/sklep\/wp-content\/uploads\/2023\/02\/bomar-jubiler-logo-1.jpg","contentUrl":"https:\/\/jubiler-bomar.eu\/sklep\/wp-content\/uploads\/2023\/02\/bomar-jubiler-logo-1.jpg","width":500,"height":156,"caption":"Jubiler Bomar"},"image":{"@id":"https:\/\/jubiler-bomar.eu\/sklep\/#\/schema\/logo\/image\/"},"sameAs":["https:\/\/www.facebook.com\/BomarJewellery"]}]}},"_links":{"self":[{"href":"https:\/\/jubiler-bomar.eu\/sklep\/wp-json\/wp\/v2\/product\/8051","targetHints":{"allow":["GET"]}}],"collection":[{"href":"https:\/\/jubiler-bomar.eu\/sklep\/wp-json\/wp\/v2\/product"}],"about":[{"href":"https:\/\/jubiler-bomar.eu\/sklep\/wp-json\/wp\/v2\/types\/product"}],"wp:featuredmedia":[{"embeddable":true,"href":"https:\/\/jubiler-bomar.eu\/sklep\/wp-json\/wp\/v2\/media\/8071"}],"wp:attachment":[{"href":"https:\/\/jubiler-bomar.eu\/sklep\/wp-json\/wp\/v2\/media?parent=8051"}],"wp:term":[{"taxonomy":"product_brand","embeddable":true,"href":"https:\/\/jubiler-bomar.eu\/sklep\/wp-json\/wp\/v2\/product_brand?post=8051"},{"taxonomy":"product_cat","embeddable":true,"href":"https:\/\/jubiler-bomar.eu\/sklep\/wp-json\/wp\/v2\/product_cat?post=8051"},{"taxonomy":"product_tag","embeddable":true,"href":"https:\/\/jubiler-bomar.eu\/sklep\/wp-json\/wp\/v2\/product_tag?post=8051"}],"curies":[{"name":"wp","href":"https:\/\/api.w.org\/{rel}","templated":true}]}}