{"id":8135,"date":"2025-12-31T08:26:38","date_gmt":"2025-12-31T07:26:38","guid":{"rendered":"https:\/\/jubiler-bomar.eu\/sklep\/?post_type=product&#038;p=8135"},"modified":"2025-12-31T08:26:38","modified_gmt":"2025-12-31T07:26:38","slug":"bransoletka-srebrna-regulowana-z-naturalnym-bursztynem-proba-925-bb02","status":"publish","type":"product","link":"https:\/\/jubiler-bomar.eu\/sklep\/produkt\/bransoletka-srebrna-regulowana-z-naturalnym-bursztynem-proba-925-bb02\/","title":{"rendered":"Bransoletka srebrna regulowana z naturalnym bursztynem pr\u00f3ba 925 BB02"},"content":{"rendered":"","protected":false},"excerpt":{"rendered":"<p><b>Bransoletka, kt\u00f3ra dopasuje si\u0119 do ka\u017cdej d\u0142oni<\/b><\/p>\n<p>\u2705 Subtelna, srebrna bransoletka z naturalnym polskim bursztynem to bi\u017cuteria, kt\u00f3r\u0105 pokocha ka\u017cda mi\u0142o\u015bniczka elegancji. Owalny bursztyn w ciep\u0142ym, koniakowym odcieniu pi\u0119knie mieni si\u0119 w \u015bwietle, a g\u0142adka, lustrzana oprawa ze srebra podkre\u015bla jego naturalne pi\u0119kno.<\/p>\n","protected":false},"featured_media":8136,"template":"","meta":{"_et_pb_use_builder":"","_et_pb_old_content":"","_et_gb_content_width":""},"product_brand":[],"product_cat":[607],"product_tag":[],"class_list":{"0":"post-8135","1":"product","2":"type-product","3":"status-publish","4":"has-post-thumbnail","6":"product_cat-bransoletki","7":"pa_dlugosc-331","8":"pa_kolor-koniak","9":"pa_material-srebro","10":"pa_proba-87","11":"pa_rodzaj-kamienia-bursztyn","12":"pa_rodzaj-zapiecia-regulowane","13":"pa_szerokosc-766","14":"pa_termin-realizacji-1-dzien-roboczy","16":"first","17":"instock","18":"taxable","19":"shipping-taxable","20":"purchasable","21":"product-type-simple"},"yoast_head":"<!-- This site is optimized with the Yoast SEO plugin v27.4 - https:\/\/yoast.com\/product\/yoast-seo-wordpress\/ -->\n<title>Bransoletka srebrna regulowana z naturalnym bursztynem pr\u00f3ba 925 BB02 - Jubiler Bomar<\/title>\n<meta name=\"robots\" content=\"index, follow, max-snippet:-1, max-image-preview:large, max-video-preview:-1\" \/>\n<link rel=\"canonical\" href=\"https:\/\/jubiler-bomar.eu\/sklep\/produkt\/bransoletka-srebrna-regulowana-z-naturalnym-bursztynem-proba-925-bb02\/\" \/>\n<meta property=\"og:locale\" content=\"pl_PL\" \/>\n<meta property=\"og:type\" content=\"article\" \/>\n<meta property=\"og:title\" content=\"Bransoletka srebrna regulowana z naturalnym bursztynem pr\u00f3ba 925 BB02 - Jubiler Bomar\" \/>\n<meta property=\"og:description\" content=\"Bransoletka, kt\u00f3ra dopasuje si\u0119 do ka\u017cdej d\u0142oni  \u2705 Subtelna, srebrna bransoletka z naturalnym polskim bursztynem to bi\u017cuteria, kt\u00f3r\u0105 pokocha ka\u017cda mi\u0142o\u015bniczka elegancji. Owalny bursztyn w ciep\u0142ym, koniakowym odcieniu pi\u0119knie mieni si\u0119 w \u015bwietle, a g\u0142adka, lustrzana oprawa ze srebra podkre\u015bla jego naturalne pi\u0119kno.\" \/>\n<meta property=\"og:url\" content=\"https:\/\/jubiler-bomar.eu\/sklep\/produkt\/bransoletka-srebrna-regulowana-z-naturalnym-bursztynem-proba-925-bb02\/\" \/>\n<meta property=\"og:site_name\" content=\"Jubiler Bomar\" \/>\n<meta property=\"article:publisher\" content=\"https:\/\/www.facebook.com\/BomarJewellery\" \/>\n<meta property=\"og:image\" content=\"https:\/\/jubiler-bomar.eu\/sklep\/wp-content\/uploads\/2025\/12\/Bransoletka-srebrna-regulowana-z-naturalnym-bursztynem-proba-925.jpg\" \/>\n\t<meta property=\"og:image:width\" content=\"1024\" \/>\n\t<meta property=\"og:image:height\" content=\"1024\" \/>\n\t<meta property=\"og:image:type\" content=\"image\/jpeg\" \/>\n<meta name=\"twitter:card\" content=\"summary_large_image\" \/>\n<meta name=\"twitter:label1\" content=\"Szacowany czas czytania\" \/>\n\t<meta name=\"twitter:data1\" content=\"1 minuta\" \/>\n<script type=\"application\/ld+json\" class=\"yoast-schema-graph\">{\"@context\":\"https:\\\/\\\/schema.org\",\"@graph\":[{\"@type\":\"WebPage\",\"@id\":\"https:\\\/\\\/jubiler-bomar.eu\\\/sklep\\\/produkt\\\/bransoletka-srebrna-regulowana-z-naturalnym-bursztynem-proba-925-bb02\\\/\",\"url\":\"https:\\\/\\\/jubiler-bomar.eu\\\/sklep\\\/produkt\\\/bransoletka-srebrna-regulowana-z-naturalnym-bursztynem-proba-925-bb02\\\/\",\"name\":\"Bransoletka srebrna regulowana z naturalnym bursztynem pr\u00f3ba 925 BB02 - Jubiler Bomar\",\"isPartOf\":{\"@id\":\"https:\\\/\\\/jubiler-bomar.eu\\\/sklep\\\/#website\"},\"primaryImageOfPage\":{\"@id\":\"https:\\\/\\\/jubiler-bomar.eu\\\/sklep\\\/produkt\\\/bransoletka-srebrna-regulowana-z-naturalnym-bursztynem-proba-925-bb02\\\/#primaryimage\"},\"image\":{\"@id\":\"https:\\\/\\\/jubiler-bomar.eu\\\/sklep\\\/produkt\\\/bransoletka-srebrna-regulowana-z-naturalnym-bursztynem-proba-925-bb02\\\/#primaryimage\"},\"thumbnailUrl\":\"https:\\\/\\\/jubiler-bomar.eu\\\/sklep\\\/wp-content\\\/uploads\\\/2025\\\/12\\\/Bransoletka-srebrna-regulowana-z-naturalnym-bursztynem-proba-925.jpg\",\"datePublished\":\"2025-12-31T07:26:38+00:00\",\"breadcrumb\":{\"@id\":\"https:\\\/\\\/jubiler-bomar.eu\\\/sklep\\\/produkt\\\/bransoletka-srebrna-regulowana-z-naturalnym-bursztynem-proba-925-bb02\\\/#breadcrumb\"},\"inLanguage\":\"pl-PL\",\"potentialAction\":[{\"@type\":\"ReadAction\",\"target\":[\"https:\\\/\\\/jubiler-bomar.eu\\\/sklep\\\/produkt\\\/bransoletka-srebrna-regulowana-z-naturalnym-bursztynem-proba-925-bb02\\\/\"]}]},{\"@type\":\"ImageObject\",\"inLanguage\":\"pl-PL\",\"@id\":\"https:\\\/\\\/jubiler-bomar.eu\\\/sklep\\\/produkt\\\/bransoletka-srebrna-regulowana-z-naturalnym-bursztynem-proba-925-bb02\\\/#primaryimage\",\"url\":\"https:\\\/\\\/jubiler-bomar.eu\\\/sklep\\\/wp-content\\\/uploads\\\/2025\\\/12\\\/Bransoletka-srebrna-regulowana-z-naturalnym-bursztynem-proba-925.jpg\",\"contentUrl\":\"https:\\\/\\\/jubiler-bomar.eu\\\/sklep\\\/wp-content\\\/uploads\\\/2025\\\/12\\\/Bransoletka-srebrna-regulowana-z-naturalnym-bursztynem-proba-925.jpg\",\"width\":1024,\"height\":1024,\"caption\":\"34688241a9b5763aa72e13e13f2999eb0ff761258975ff671f64d623efb53681e77b866a45c21ad079e922a290f0f31ceef8536ad2e5b42b656d16edd53fbb2a1bd3b0544c6bfa98e4802b14f03acc4a\"},{\"@type\":\"BreadcrumbList\",\"@id\":\"https:\\\/\\\/jubiler-bomar.eu\\\/sklep\\\/produkt\\\/bransoletka-srebrna-regulowana-z-naturalnym-bursztynem-proba-925-bb02\\\/#breadcrumb\",\"itemListElement\":[{\"@type\":\"ListItem\",\"position\":1,\"name\":\"Strona g\u0142\u00f3wna\",\"item\":\"https:\\\/\\\/jubiler-bomar.eu\\\/sklep\\\/\"},{\"@type\":\"ListItem\",\"position\":2,\"name\":\"Sklep\",\"item\":\"https:\\\/\\\/jubiler-bomar.eu\\\/sklep\\\/sklep\\\/\"},{\"@type\":\"ListItem\",\"position\":3,\"name\":\"Bransoletka srebrna regulowana z naturalnym bursztynem pr\u00f3ba 925 BB02\"}]},{\"@type\":\"WebSite\",\"@id\":\"https:\\\/\\\/jubiler-bomar.eu\\\/sklep\\\/#website\",\"url\":\"https:\\\/\\\/jubiler-bomar.eu\\\/sklep\\\/\",\"name\":\"Jubiler BOMAR\",\"description\":\"\",\"publisher\":{\"@id\":\"https:\\\/\\\/jubiler-bomar.eu\\\/sklep\\\/#organization\"},\"potentialAction\":[{\"@type\":\"SearchAction\",\"target\":{\"@type\":\"EntryPoint\",\"urlTemplate\":\"https:\\\/\\\/jubiler-bomar.eu\\\/sklep\\\/?s={search_term_string}\"},\"query-input\":{\"@type\":\"PropertyValueSpecification\",\"valueRequired\":true,\"valueName\":\"search_term_string\"}}],\"inLanguage\":\"pl-PL\"},{\"@type\":\"Organization\",\"@id\":\"https:\\\/\\\/jubiler-bomar.eu\\\/sklep\\\/#organization\",\"name\":\"Jubiler Bomar\",\"url\":\"https:\\\/\\\/jubiler-bomar.eu\\\/sklep\\\/\",\"logo\":{\"@type\":\"ImageObject\",\"inLanguage\":\"pl-PL\",\"@id\":\"https:\\\/\\\/jubiler-bomar.eu\\\/sklep\\\/#\\\/schema\\\/logo\\\/image\\\/\",\"url\":\"https:\\\/\\\/jubiler-bomar.eu\\\/sklep\\\/wp-content\\\/uploads\\\/2023\\\/02\\\/bomar-jubiler-logo-1.jpg\",\"contentUrl\":\"https:\\\/\\\/jubiler-bomar.eu\\\/sklep\\\/wp-content\\\/uploads\\\/2023\\\/02\\\/bomar-jubiler-logo-1.jpg\",\"width\":500,\"height\":156,\"caption\":\"Jubiler Bomar\"},\"image\":{\"@id\":\"https:\\\/\\\/jubiler-bomar.eu\\\/sklep\\\/#\\\/schema\\\/logo\\\/image\\\/\"},\"sameAs\":[\"https:\\\/\\\/www.facebook.com\\\/BomarJewellery\"]}]}<\/script>\n<!-- \/ Yoast SEO plugin. -->","yoast_head_json":{"title":"Bransoletka srebrna regulowana z naturalnym bursztynem pr\u00f3ba 925 BB02 - Jubiler Bomar","robots":{"index":"index","follow":"follow","max-snippet":"max-snippet:-1","max-image-preview":"max-image-preview:large","max-video-preview":"max-video-preview:-1"},"canonical":"https:\/\/jubiler-bomar.eu\/sklep\/produkt\/bransoletka-srebrna-regulowana-z-naturalnym-bursztynem-proba-925-bb02\/","og_locale":"pl_PL","og_type":"article","og_title":"Bransoletka srebrna regulowana z naturalnym bursztynem pr\u00f3ba 925 BB02 - Jubiler Bomar","og_description":"Bransoletka, kt\u00f3ra dopasuje si\u0119 do ka\u017cdej d\u0142oni  \u2705 Subtelna, srebrna bransoletka z naturalnym polskim bursztynem to bi\u017cuteria, kt\u00f3r\u0105 pokocha ka\u017cda mi\u0142o\u015bniczka elegancji. Owalny bursztyn w ciep\u0142ym, koniakowym odcieniu pi\u0119knie mieni si\u0119 w \u015bwietle, a g\u0142adka, lustrzana oprawa ze srebra podkre\u015bla jego naturalne pi\u0119kno.","og_url":"https:\/\/jubiler-bomar.eu\/sklep\/produkt\/bransoletka-srebrna-regulowana-z-naturalnym-bursztynem-proba-925-bb02\/","og_site_name":"Jubiler Bomar","article_publisher":"https:\/\/www.facebook.com\/BomarJewellery","og_image":[{"width":1024,"height":1024,"url":"https:\/\/jubiler-bomar.eu\/sklep\/wp-content\/uploads\/2025\/12\/Bransoletka-srebrna-regulowana-z-naturalnym-bursztynem-proba-925.jpg","type":"image\/jpeg"}],"twitter_card":"summary_large_image","twitter_misc":{"Szacowany czas czytania":"1 minuta"},"schema":{"@context":"https:\/\/schema.org","@graph":[{"@type":"WebPage","@id":"https:\/\/jubiler-bomar.eu\/sklep\/produkt\/bransoletka-srebrna-regulowana-z-naturalnym-bursztynem-proba-925-bb02\/","url":"https:\/\/jubiler-bomar.eu\/sklep\/produkt\/bransoletka-srebrna-regulowana-z-naturalnym-bursztynem-proba-925-bb02\/","name":"Bransoletka srebrna regulowana z naturalnym bursztynem pr\u00f3ba 925 BB02 - Jubiler Bomar","isPartOf":{"@id":"https:\/\/jubiler-bomar.eu\/sklep\/#website"},"primaryImageOfPage":{"@id":"https:\/\/jubiler-bomar.eu\/sklep\/produkt\/bransoletka-srebrna-regulowana-z-naturalnym-bursztynem-proba-925-bb02\/#primaryimage"},"image":{"@id":"https:\/\/jubiler-bomar.eu\/sklep\/produkt\/bransoletka-srebrna-regulowana-z-naturalnym-bursztynem-proba-925-bb02\/#primaryimage"},"thumbnailUrl":"https:\/\/jubiler-bomar.eu\/sklep\/wp-content\/uploads\/2025\/12\/Bransoletka-srebrna-regulowana-z-naturalnym-bursztynem-proba-925.jpg","datePublished":"2025-12-31T07:26:38+00:00","breadcrumb":{"@id":"https:\/\/jubiler-bomar.eu\/sklep\/produkt\/bransoletka-srebrna-regulowana-z-naturalnym-bursztynem-proba-925-bb02\/#breadcrumb"},"inLanguage":"pl-PL","potentialAction":[{"@type":"ReadAction","target":["https:\/\/jubiler-bomar.eu\/sklep\/produkt\/bransoletka-srebrna-regulowana-z-naturalnym-bursztynem-proba-925-bb02\/"]}]},{"@type":"ImageObject","inLanguage":"pl-PL","@id":"https:\/\/jubiler-bomar.eu\/sklep\/produkt\/bransoletka-srebrna-regulowana-z-naturalnym-bursztynem-proba-925-bb02\/#primaryimage","url":"https:\/\/jubiler-bomar.eu\/sklep\/wp-content\/uploads\/2025\/12\/Bransoletka-srebrna-regulowana-z-naturalnym-bursztynem-proba-925.jpg","contentUrl":"https:\/\/jubiler-bomar.eu\/sklep\/wp-content\/uploads\/2025\/12\/Bransoletka-srebrna-regulowana-z-naturalnym-bursztynem-proba-925.jpg","width":1024,"height":1024,"caption":"34688241a9b5763aa72e13e13f2999eb0ff761258975ff671f64d623efb53681e77b866a45c21ad079e922a290f0f31ceef8536ad2e5b42b656d16edd53fbb2a1bd3b0544c6bfa98e4802b14f03acc4a"},{"@type":"BreadcrumbList","@id":"https:\/\/jubiler-bomar.eu\/sklep\/produkt\/bransoletka-srebrna-regulowana-z-naturalnym-bursztynem-proba-925-bb02\/#breadcrumb","itemListElement":[{"@type":"ListItem","position":1,"name":"Strona g\u0142\u00f3wna","item":"https:\/\/jubiler-bomar.eu\/sklep\/"},{"@type":"ListItem","position":2,"name":"Sklep","item":"https:\/\/jubiler-bomar.eu\/sklep\/sklep\/"},{"@type":"ListItem","position":3,"name":"Bransoletka srebrna regulowana z naturalnym bursztynem pr\u00f3ba 925 BB02"}]},{"@type":"WebSite","@id":"https:\/\/jubiler-bomar.eu\/sklep\/#website","url":"https:\/\/jubiler-bomar.eu\/sklep\/","name":"Jubiler BOMAR","description":"","publisher":{"@id":"https:\/\/jubiler-bomar.eu\/sklep\/#organization"},"potentialAction":[{"@type":"SearchAction","target":{"@type":"EntryPoint","urlTemplate":"https:\/\/jubiler-bomar.eu\/sklep\/?s={search_term_string}"},"query-input":{"@type":"PropertyValueSpecification","valueRequired":true,"valueName":"search_term_string"}}],"inLanguage":"pl-PL"},{"@type":"Organization","@id":"https:\/\/jubiler-bomar.eu\/sklep\/#organization","name":"Jubiler Bomar","url":"https:\/\/jubiler-bomar.eu\/sklep\/","logo":{"@type":"ImageObject","inLanguage":"pl-PL","@id":"https:\/\/jubiler-bomar.eu\/sklep\/#\/schema\/logo\/image\/","url":"https:\/\/jubiler-bomar.eu\/sklep\/wp-content\/uploads\/2023\/02\/bomar-jubiler-logo-1.jpg","contentUrl":"https:\/\/jubiler-bomar.eu\/sklep\/wp-content\/uploads\/2023\/02\/bomar-jubiler-logo-1.jpg","width":500,"height":156,"caption":"Jubiler Bomar"},"image":{"@id":"https:\/\/jubiler-bomar.eu\/sklep\/#\/schema\/logo\/image\/"},"sameAs":["https:\/\/www.facebook.com\/BomarJewellery"]}]}},"_links":{"self":[{"href":"https:\/\/jubiler-bomar.eu\/sklep\/wp-json\/wp\/v2\/product\/8135","targetHints":{"allow":["GET"]}}],"collection":[{"href":"https:\/\/jubiler-bomar.eu\/sklep\/wp-json\/wp\/v2\/product"}],"about":[{"href":"https:\/\/jubiler-bomar.eu\/sklep\/wp-json\/wp\/v2\/types\/product"}],"wp:featuredmedia":[{"embeddable":true,"href":"https:\/\/jubiler-bomar.eu\/sklep\/wp-json\/wp\/v2\/media\/8136"}],"wp:attachment":[{"href":"https:\/\/jubiler-bomar.eu\/sklep\/wp-json\/wp\/v2\/media?parent=8135"}],"wp:term":[{"taxonomy":"product_brand","embeddable":true,"href":"https:\/\/jubiler-bomar.eu\/sklep\/wp-json\/wp\/v2\/product_brand?post=8135"},{"taxonomy":"product_cat","embeddable":true,"href":"https:\/\/jubiler-bomar.eu\/sklep\/wp-json\/wp\/v2\/product_cat?post=8135"},{"taxonomy":"product_tag","embeddable":true,"href":"https:\/\/jubiler-bomar.eu\/sklep\/wp-json\/wp\/v2\/product_tag?post=8135"}],"curies":[{"name":"wp","href":"https:\/\/api.w.org\/{rel}","templated":true}]}}