{"id":8285,"date":"2026-01-02T08:53:59","date_gmt":"2026-01-02T07:53:59","guid":{"rendered":"https:\/\/jubiler-bomar.eu\/sklep\/?post_type=product&#038;p=8285"},"modified":"2026-03-17T11:18:42","modified_gmt":"2026-03-17T10:18:42","slug":"bransoletka-z-zielonego-agatu-kulki-4-mm-na-gumce-srebrny-motylek-925-b22","status":"publish","type":"product","link":"https:\/\/jubiler-bomar.eu\/sklep\/produkt\/bransoletka-z-zielonego-agatu-kulki-4-mm-na-gumce-srebrny-motylek-925-b22\/","title":{"rendered":"Bransoletka z zielonego agatu kulki 4 mm na gumce srebrny motylek 925 B22"},"content":{"rendered":"<div class=\"mpof_ki myre_zn myre_8v_l m389_6m_l\">\n<div class=\"mp4t_16_s mryx_16_s mr3m_1 mli2_1 mh85_56 mh85_0_l\">\n<div class=\"mgn2_16 _0d3bd_am0a-\">\n<p>Kuleczki agatu o \u015brednicy 4 mm pi\u0119knie za\u0142amuj\u0105 \u015bwiat\u0142o delikatnie b\u0142yszcz\u0105 przy ka\u017cdym ruchu r\u0119ki, podkre\u015blaj\u0105c opalenizn\u0119 i dodaj\u0105c stylizacji \u015bwie\u017co\u015bci. Motylek swobodnie zwisa przy bransoletce, tworz\u0105c symboliczny motyw \u201eprzyrody\u201d mo\u017cesz podarowa\u0107 j\u0105 ukochanej osobie, przyjaci\u00f3\u0142ce albo\u2026 samej sobie.<\/p>\n<p>Bransoletka jest wykonana na mocnej gumce jubilerskiej, dzi\u0119ki czemu wygodnie dopasowuje si\u0119 do nadgarstka i \u015bwietnie le\u017cy bez zapi\u0119\u0107, bez kombinowania, po prostu zak\u0142adasz i wychodzisz.<\/p>\n<p>To bi\u017cuteria, kt\u00f3ra wygl\u0105da jak z butikowego salonu jubilerskiego, a jednocze\u015bnie ma niesamowicie korzystn\u0105 cen\u0119 \u2013 idealny pomys\u0142 na prezent <b>\u201eod serca\u201d<\/b>, bez nadwyr\u0119\u017cania portfela.<\/p>\n<\/div>\n<\/div>\n<\/div>\n","protected":false},"excerpt":{"rendered":"<div class=\"mp4t_16_s mryx_16_s mr3m_1 mli2_1 mh85_56 mh85_0_l\">\n<div class=\"mg9e_8 mj7a_8 mg9e_0_s mvrt_0_s mj7a_0_s mh36_0_s mzmg_6m munh_16_l m3h2_16_l\">\n<div class=\"mp4t_0 mryx_0 munh_56 m3h2_56\">\n<div class=\"mp7g_oh\"><\/div>\n<\/div>\n<\/div>\n<\/div>\n<div class=\"mp4t_16_s mryx_16_s mr3m_1 mli2_1 mh85_56 mh85_0_l\">\n<div class=\"mgn2_16 _0d3bd_am0a-\">\n<p>Szukasz drobnego, ale efektownego prezentu, kt\u00f3ry od razu zwraca uwag\u0119?<\/p>\n<p>Ta bransoletka z zielonego agatu fasetowanego z elementem w formie srebrnego motylka pr\u00f3by 925 to idealny wyb\u00f3r.<\/p>\n<\/div>\n<\/div>\n","protected":false},"featured_media":8291,"template":"","meta":{"_et_pb_use_builder":"","_et_pb_old_content":"","_et_gb_content_width":""},"product_brand":[],"product_cat":[607],"product_tag":[],"class_list":{"0":"post-8285","1":"product","2":"type-product","3":"status-publish","4":"has-post-thumbnail","6":"product_cat-bransoletki","7":"pa_dlugosc-cm-401","8":"pa_kolor-odcienie-zieleni","9":"pa_material-srebro","10":"pa_proba-87","11":"pa_producent-bomar","12":"pa_rodzaj-kamienia-agat","14":"first","15":"instock","16":"taxable","17":"shipping-taxable","18":"purchasable","19":"product-type-simple"},"yoast_head":"<!-- This site is optimized with the Yoast SEO plugin v27.4 - https:\/\/yoast.com\/product\/yoast-seo-wordpress\/ -->\n<title>Bransoletka z zielonego agatu kulki 4 mm na gumce srebrny motylek 925 B22 - Jubiler Bomar<\/title>\n<meta name=\"robots\" content=\"index, follow, max-snippet:-1, max-image-preview:large, max-video-preview:-1\" \/>\n<link rel=\"canonical\" href=\"https:\/\/jubiler-bomar.eu\/sklep\/produkt\/bransoletka-z-zielonego-agatu-kulki-4-mm-na-gumce-srebrny-motylek-925-b22\/\" \/>\n<meta property=\"og:locale\" content=\"pl_PL\" \/>\n<meta property=\"og:type\" content=\"article\" \/>\n<meta property=\"og:title\" content=\"Bransoletka z zielonego agatu kulki 4 mm na gumce srebrny motylek 925 B22 - Jubiler Bomar\" \/>\n<meta property=\"og:description\" content=\"Szukasz drobnego, ale efektownego prezentu, kt\u00f3ry od razu zwraca uwag\u0119?  Ta bransoletka z zielonego agatu fasetowanego z elementem w formie srebrnego motylka pr\u00f3by 925 to idealny wyb\u00f3r.\" \/>\n<meta property=\"og:url\" content=\"https:\/\/jubiler-bomar.eu\/sklep\/produkt\/bransoletka-z-zielonego-agatu-kulki-4-mm-na-gumce-srebrny-motylek-925-b22\/\" \/>\n<meta property=\"og:site_name\" content=\"Jubiler Bomar\" \/>\n<meta property=\"article:publisher\" content=\"https:\/\/www.facebook.com\/BomarJewellery\" \/>\n<meta property=\"article:modified_time\" content=\"2026-03-17T10:18:42+00:00\" \/>\n<meta property=\"og:image\" content=\"https:\/\/jubiler-bomar.eu\/sklep\/wp-content\/uploads\/2026\/01\/Bransoletka-z-zielonego-agatu-kulki-4-mm-na-gumce-srebrny-motylek-925.jpg\" \/>\n\t<meta property=\"og:image:width\" content=\"720\" \/>\n\t<meta property=\"og:image:height\" content=\"720\" \/>\n\t<meta property=\"og:image:type\" content=\"image\/jpeg\" \/>\n<meta name=\"twitter:card\" content=\"summary_large_image\" \/>\n<meta name=\"twitter:label1\" content=\"Szacowany czas czytania\" \/>\n\t<meta name=\"twitter:data1\" content=\"1 minuta\" \/>\n<script type=\"application\/ld+json\" class=\"yoast-schema-graph\">{\"@context\":\"https:\\\/\\\/schema.org\",\"@graph\":[{\"@type\":\"WebPage\",\"@id\":\"https:\\\/\\\/jubiler-bomar.eu\\\/sklep\\\/produkt\\\/bransoletka-z-zielonego-agatu-kulki-4-mm-na-gumce-srebrny-motylek-925-b22\\\/\",\"url\":\"https:\\\/\\\/jubiler-bomar.eu\\\/sklep\\\/produkt\\\/bransoletka-z-zielonego-agatu-kulki-4-mm-na-gumce-srebrny-motylek-925-b22\\\/\",\"name\":\"Bransoletka z zielonego agatu kulki 4 mm na gumce srebrny motylek 925 B22 - Jubiler Bomar\",\"isPartOf\":{\"@id\":\"https:\\\/\\\/jubiler-bomar.eu\\\/sklep\\\/#website\"},\"primaryImageOfPage\":{\"@id\":\"https:\\\/\\\/jubiler-bomar.eu\\\/sklep\\\/produkt\\\/bransoletka-z-zielonego-agatu-kulki-4-mm-na-gumce-srebrny-motylek-925-b22\\\/#primaryimage\"},\"image\":{\"@id\":\"https:\\\/\\\/jubiler-bomar.eu\\\/sklep\\\/produkt\\\/bransoletka-z-zielonego-agatu-kulki-4-mm-na-gumce-srebrny-motylek-925-b22\\\/#primaryimage\"},\"thumbnailUrl\":\"https:\\\/\\\/jubiler-bomar.eu\\\/sklep\\\/wp-content\\\/uploads\\\/2026\\\/01\\\/Bransoletka-z-zielonego-agatu-kulki-4-mm-na-gumce-srebrny-motylek-925.jpg\",\"datePublished\":\"2026-01-02T07:53:59+00:00\",\"dateModified\":\"2026-03-17T10:18:42+00:00\",\"breadcrumb\":{\"@id\":\"https:\\\/\\\/jubiler-bomar.eu\\\/sklep\\\/produkt\\\/bransoletka-z-zielonego-agatu-kulki-4-mm-na-gumce-srebrny-motylek-925-b22\\\/#breadcrumb\"},\"inLanguage\":\"pl-PL\",\"potentialAction\":[{\"@type\":\"ReadAction\",\"target\":[\"https:\\\/\\\/jubiler-bomar.eu\\\/sklep\\\/produkt\\\/bransoletka-z-zielonego-agatu-kulki-4-mm-na-gumce-srebrny-motylek-925-b22\\\/\"]}]},{\"@type\":\"ImageObject\",\"inLanguage\":\"pl-PL\",\"@id\":\"https:\\\/\\\/jubiler-bomar.eu\\\/sklep\\\/produkt\\\/bransoletka-z-zielonego-agatu-kulki-4-mm-na-gumce-srebrny-motylek-925-b22\\\/#primaryimage\",\"url\":\"https:\\\/\\\/jubiler-bomar.eu\\\/sklep\\\/wp-content\\\/uploads\\\/2026\\\/01\\\/Bransoletka-z-zielonego-agatu-kulki-4-mm-na-gumce-srebrny-motylek-925.jpg\",\"contentUrl\":\"https:\\\/\\\/jubiler-bomar.eu\\\/sklep\\\/wp-content\\\/uploads\\\/2026\\\/01\\\/Bransoletka-z-zielonego-agatu-kulki-4-mm-na-gumce-srebrny-motylek-925.jpg\",\"width\":720,\"height\":720,\"caption\":\"5a3eedc3a4637fcef3d882c468ada163a2c9badbf51e27ce4407a2421372d445070672505b28c877a43801d91fa117317090a0e6cbda7640af0c328b3de0f41c1bd3b0544c6bfa98e4802b14f03acc4a\"},{\"@type\":\"BreadcrumbList\",\"@id\":\"https:\\\/\\\/jubiler-bomar.eu\\\/sklep\\\/produkt\\\/bransoletka-z-zielonego-agatu-kulki-4-mm-na-gumce-srebrny-motylek-925-b22\\\/#breadcrumb\",\"itemListElement\":[{\"@type\":\"ListItem\",\"position\":1,\"name\":\"Strona g\u0142\u00f3wna\",\"item\":\"https:\\\/\\\/jubiler-bomar.eu\\\/sklep\\\/\"},{\"@type\":\"ListItem\",\"position\":2,\"name\":\"Sklep\",\"item\":\"https:\\\/\\\/jubiler-bomar.eu\\\/sklep\\\/sklep\\\/\"},{\"@type\":\"ListItem\",\"position\":3,\"name\":\"Bransoletka z zielonego agatu kulki 4 mm na gumce srebrny motylek 925 B22\"}]},{\"@type\":\"WebSite\",\"@id\":\"https:\\\/\\\/jubiler-bomar.eu\\\/sklep\\\/#website\",\"url\":\"https:\\\/\\\/jubiler-bomar.eu\\\/sklep\\\/\",\"name\":\"Jubiler BOMAR\",\"description\":\"\",\"publisher\":{\"@id\":\"https:\\\/\\\/jubiler-bomar.eu\\\/sklep\\\/#organization\"},\"potentialAction\":[{\"@type\":\"SearchAction\",\"target\":{\"@type\":\"EntryPoint\",\"urlTemplate\":\"https:\\\/\\\/jubiler-bomar.eu\\\/sklep\\\/?s={search_term_string}\"},\"query-input\":{\"@type\":\"PropertyValueSpecification\",\"valueRequired\":true,\"valueName\":\"search_term_string\"}}],\"inLanguage\":\"pl-PL\"},{\"@type\":\"Organization\",\"@id\":\"https:\\\/\\\/jubiler-bomar.eu\\\/sklep\\\/#organization\",\"name\":\"Jubiler Bomar\",\"url\":\"https:\\\/\\\/jubiler-bomar.eu\\\/sklep\\\/\",\"logo\":{\"@type\":\"ImageObject\",\"inLanguage\":\"pl-PL\",\"@id\":\"https:\\\/\\\/jubiler-bomar.eu\\\/sklep\\\/#\\\/schema\\\/logo\\\/image\\\/\",\"url\":\"https:\\\/\\\/jubiler-bomar.eu\\\/sklep\\\/wp-content\\\/uploads\\\/2023\\\/02\\\/bomar-jubiler-logo-1.jpg\",\"contentUrl\":\"https:\\\/\\\/jubiler-bomar.eu\\\/sklep\\\/wp-content\\\/uploads\\\/2023\\\/02\\\/bomar-jubiler-logo-1.jpg\",\"width\":500,\"height\":156,\"caption\":\"Jubiler Bomar\"},\"image\":{\"@id\":\"https:\\\/\\\/jubiler-bomar.eu\\\/sklep\\\/#\\\/schema\\\/logo\\\/image\\\/\"},\"sameAs\":[\"https:\\\/\\\/www.facebook.com\\\/BomarJewellery\"]}]}<\/script>\n<!-- \/ Yoast SEO plugin. -->","yoast_head_json":{"title":"Bransoletka z zielonego agatu kulki 4 mm na gumce srebrny motylek 925 B22 - Jubiler Bomar","robots":{"index":"index","follow":"follow","max-snippet":"max-snippet:-1","max-image-preview":"max-image-preview:large","max-video-preview":"max-video-preview:-1"},"canonical":"https:\/\/jubiler-bomar.eu\/sklep\/produkt\/bransoletka-z-zielonego-agatu-kulki-4-mm-na-gumce-srebrny-motylek-925-b22\/","og_locale":"pl_PL","og_type":"article","og_title":"Bransoletka z zielonego agatu kulki 4 mm na gumce srebrny motylek 925 B22 - Jubiler Bomar","og_description":"Szukasz drobnego, ale efektownego prezentu, kt\u00f3ry od razu zwraca uwag\u0119?  Ta bransoletka z zielonego agatu fasetowanego z elementem w formie srebrnego motylka pr\u00f3by 925 to idealny wyb\u00f3r.","og_url":"https:\/\/jubiler-bomar.eu\/sklep\/produkt\/bransoletka-z-zielonego-agatu-kulki-4-mm-na-gumce-srebrny-motylek-925-b22\/","og_site_name":"Jubiler Bomar","article_publisher":"https:\/\/www.facebook.com\/BomarJewellery","article_modified_time":"2026-03-17T10:18:42+00:00","og_image":[{"width":720,"height":720,"url":"https:\/\/jubiler-bomar.eu\/sklep\/wp-content\/uploads\/2026\/01\/Bransoletka-z-zielonego-agatu-kulki-4-mm-na-gumce-srebrny-motylek-925.jpg","type":"image\/jpeg"}],"twitter_card":"summary_large_image","twitter_misc":{"Szacowany czas czytania":"1 minuta"},"schema":{"@context":"https:\/\/schema.org","@graph":[{"@type":"WebPage","@id":"https:\/\/jubiler-bomar.eu\/sklep\/produkt\/bransoletka-z-zielonego-agatu-kulki-4-mm-na-gumce-srebrny-motylek-925-b22\/","url":"https:\/\/jubiler-bomar.eu\/sklep\/produkt\/bransoletka-z-zielonego-agatu-kulki-4-mm-na-gumce-srebrny-motylek-925-b22\/","name":"Bransoletka z zielonego agatu kulki 4 mm na gumce srebrny motylek 925 B22 - Jubiler Bomar","isPartOf":{"@id":"https:\/\/jubiler-bomar.eu\/sklep\/#website"},"primaryImageOfPage":{"@id":"https:\/\/jubiler-bomar.eu\/sklep\/produkt\/bransoletka-z-zielonego-agatu-kulki-4-mm-na-gumce-srebrny-motylek-925-b22\/#primaryimage"},"image":{"@id":"https:\/\/jubiler-bomar.eu\/sklep\/produkt\/bransoletka-z-zielonego-agatu-kulki-4-mm-na-gumce-srebrny-motylek-925-b22\/#primaryimage"},"thumbnailUrl":"https:\/\/jubiler-bomar.eu\/sklep\/wp-content\/uploads\/2026\/01\/Bransoletka-z-zielonego-agatu-kulki-4-mm-na-gumce-srebrny-motylek-925.jpg","datePublished":"2026-01-02T07:53:59+00:00","dateModified":"2026-03-17T10:18:42+00:00","breadcrumb":{"@id":"https:\/\/jubiler-bomar.eu\/sklep\/produkt\/bransoletka-z-zielonego-agatu-kulki-4-mm-na-gumce-srebrny-motylek-925-b22\/#breadcrumb"},"inLanguage":"pl-PL","potentialAction":[{"@type":"ReadAction","target":["https:\/\/jubiler-bomar.eu\/sklep\/produkt\/bransoletka-z-zielonego-agatu-kulki-4-mm-na-gumce-srebrny-motylek-925-b22\/"]}]},{"@type":"ImageObject","inLanguage":"pl-PL","@id":"https:\/\/jubiler-bomar.eu\/sklep\/produkt\/bransoletka-z-zielonego-agatu-kulki-4-mm-na-gumce-srebrny-motylek-925-b22\/#primaryimage","url":"https:\/\/jubiler-bomar.eu\/sklep\/wp-content\/uploads\/2026\/01\/Bransoletka-z-zielonego-agatu-kulki-4-mm-na-gumce-srebrny-motylek-925.jpg","contentUrl":"https:\/\/jubiler-bomar.eu\/sklep\/wp-content\/uploads\/2026\/01\/Bransoletka-z-zielonego-agatu-kulki-4-mm-na-gumce-srebrny-motylek-925.jpg","width":720,"height":720,"caption":"5a3eedc3a4637fcef3d882c468ada163a2c9badbf51e27ce4407a2421372d445070672505b28c877a43801d91fa117317090a0e6cbda7640af0c328b3de0f41c1bd3b0544c6bfa98e4802b14f03acc4a"},{"@type":"BreadcrumbList","@id":"https:\/\/jubiler-bomar.eu\/sklep\/produkt\/bransoletka-z-zielonego-agatu-kulki-4-mm-na-gumce-srebrny-motylek-925-b22\/#breadcrumb","itemListElement":[{"@type":"ListItem","position":1,"name":"Strona g\u0142\u00f3wna","item":"https:\/\/jubiler-bomar.eu\/sklep\/"},{"@type":"ListItem","position":2,"name":"Sklep","item":"https:\/\/jubiler-bomar.eu\/sklep\/sklep\/"},{"@type":"ListItem","position":3,"name":"Bransoletka z zielonego agatu kulki 4 mm na gumce srebrny motylek 925 B22"}]},{"@type":"WebSite","@id":"https:\/\/jubiler-bomar.eu\/sklep\/#website","url":"https:\/\/jubiler-bomar.eu\/sklep\/","name":"Jubiler BOMAR","description":"","publisher":{"@id":"https:\/\/jubiler-bomar.eu\/sklep\/#organization"},"potentialAction":[{"@type":"SearchAction","target":{"@type":"EntryPoint","urlTemplate":"https:\/\/jubiler-bomar.eu\/sklep\/?s={search_term_string}"},"query-input":{"@type":"PropertyValueSpecification","valueRequired":true,"valueName":"search_term_string"}}],"inLanguage":"pl-PL"},{"@type":"Organization","@id":"https:\/\/jubiler-bomar.eu\/sklep\/#organization","name":"Jubiler Bomar","url":"https:\/\/jubiler-bomar.eu\/sklep\/","logo":{"@type":"ImageObject","inLanguage":"pl-PL","@id":"https:\/\/jubiler-bomar.eu\/sklep\/#\/schema\/logo\/image\/","url":"https:\/\/jubiler-bomar.eu\/sklep\/wp-content\/uploads\/2023\/02\/bomar-jubiler-logo-1.jpg","contentUrl":"https:\/\/jubiler-bomar.eu\/sklep\/wp-content\/uploads\/2023\/02\/bomar-jubiler-logo-1.jpg","width":500,"height":156,"caption":"Jubiler Bomar"},"image":{"@id":"https:\/\/jubiler-bomar.eu\/sklep\/#\/schema\/logo\/image\/"},"sameAs":["https:\/\/www.facebook.com\/BomarJewellery"]}]}},"_links":{"self":[{"href":"https:\/\/jubiler-bomar.eu\/sklep\/wp-json\/wp\/v2\/product\/8285","targetHints":{"allow":["GET"]}}],"collection":[{"href":"https:\/\/jubiler-bomar.eu\/sklep\/wp-json\/wp\/v2\/product"}],"about":[{"href":"https:\/\/jubiler-bomar.eu\/sklep\/wp-json\/wp\/v2\/types\/product"}],"wp:featuredmedia":[{"embeddable":true,"href":"https:\/\/jubiler-bomar.eu\/sklep\/wp-json\/wp\/v2\/media\/8291"}],"wp:attachment":[{"href":"https:\/\/jubiler-bomar.eu\/sklep\/wp-json\/wp\/v2\/media?parent=8285"}],"wp:term":[{"taxonomy":"product_brand","embeddable":true,"href":"https:\/\/jubiler-bomar.eu\/sklep\/wp-json\/wp\/v2\/product_brand?post=8285"},{"taxonomy":"product_cat","embeddable":true,"href":"https:\/\/jubiler-bomar.eu\/sklep\/wp-json\/wp\/v2\/product_cat?post=8285"},{"taxonomy":"product_tag","embeddable":true,"href":"https:\/\/jubiler-bomar.eu\/sklep\/wp-json\/wp\/v2\/product_tag?post=8285"}],"curies":[{"name":"wp","href":"https:\/\/api.w.org\/{rel}","templated":true}]}}