{"id":8379,"date":"2026-01-14T08:07:23","date_gmt":"2026-01-14T07:07:23","guid":{"rendered":"https:\/\/jubiler-bomar.eu\/sklep\/?post_type=product&#038;p=8379"},"modified":"2026-01-14T08:07:23","modified_gmt":"2026-01-14T07:07:23","slug":"naszyjnik-srebrny-925-pozlacany-dzien-babci-grawer-imiona-wnuczat-n71","status":"publish","type":"product","link":"https:\/\/jubiler-bomar.eu\/sklep\/produkt\/naszyjnik-srebrny-925-pozlacany-dzien-babci-grawer-imiona-wnuczat-n71\/","title":{"rendered":"Naszyjnik srebrny 925 poz\u0142acany Dzie\u0144 Babci grawer IMIONA wnucz\u0105t N71"},"content":{"rendered":"<div class=\"mpof_ki myre_zn myre_8v_l m389_6m_l\">\n<div class=\"mp4t_16_s mryx_16_s mr3m_1 mli2_1 mh85_56 mh85_0_l\">\n<div class=\"mg9e_8 mj7a_8 mg9e_0_s mvrt_0_s mj7a_0_s mh36_0_s mzmg_6m munh_16_l m3h2_16_l\">\n<div class=\"mp4t_0 mryx_0 munh_56 m3h2_56\">\n<div class=\"mp7g_oh\"><\/div>\n<\/div>\n<\/div>\n<\/div>\n<div class=\"mp4t_16_s mryx_16_s mr3m_1 mli2_1 mh85_56 mh85_0_l\">\n<div class=\"mgn2_16 _0d3bd_am0a-\">\n<p><b>\u2764\ufe0f Co j\u0105 wyr\u00f3\u017cnia?<\/b><\/p>\n<ul>\n<li><b>3 serduszka <\/b>z grawerem (standardowo): np. Pola \u2013 Dla Babci \u2013 Ola<\/li>\n<li>Mo\u017cliwo\u015b\u0107 bezp\u0142atnego dodania serduszek \u2013 je\u015bli Babcia ma wi\u0119cej wnucz\u0105t \ud83e\udd70 maksymalnie 5 serduszek na naszyjniku.<b>Z okazji Dnia Babci oferujemy gratis:<\/b> przygotujemy naszyjnik z 3, 4 lub 5 serduszkami (z grawerem) bez dop\u0142aty.<\/li>\n<li><b>Grawer dowolny<\/b> \u2013 prosimy o pojedyncze s\u0142owa \/ imiona, ze wzgl\u0119du na ma\u0142\u0105 powierzchni\u0119.<\/li>\n<\/ul>\n<\/div>\n<\/div>\n<\/div>\n<div class=\"mpof_ki myre_zn myre_8v_l m389_6m_l\">\n<div class=\"mp4t_16_s mryx_16_s mr3m_1 mli2_1 mh85_56 mh85_0_l\">\n<div class=\"mg9e_8 mj7a_8 mg9e_0_s mvrt_0_s mj7a_0_s mh36_0_s mzmg_6m munh_16_l m3h2_16_l\">\n<div class=\"mp4t_0 mryx_0 munh_56 m3h2_56\">\n<div class=\"mp7g_oh\"><\/div>\n<\/div>\n<\/div>\n<\/div>\n<\/div>\n<div class=\"mp4t_16_s mryx_16_s mr3m_1 mli2_1 mh85_56 mh85_0_l\">\n<div class=\"mgn2_16 _0d3bd_am0a-\">\n<p><b>\ud83d\udc9d Idealny prezent na Dzie\u0144 Babci<\/b><\/p>\n<p>Delikatny, elegancki i pe\u0142en znaczenia \u2013<b> Babcia<\/b> dostaje bi\u017cuteri\u0119, a nie tylko przedmiot. Dostaje <b>wspomnienie<\/b>, kt\u00f3re mo\u017ce mie\u0107 zawsze przy sobie.<\/p>\n<\/div>\n<\/div>\n","protected":false},"excerpt":{"rendered":"<h1>\ud83d\udc9d Idealny prezent na Dzie\u0144 Babci. Naszyjnik srebrny z grawerem na serduszku od ka\u017cdego z wnucz\u0105t. Ilo\u015b\u0107 serduszek do wyboru 3, 4 lub 5<\/h1>\n","protected":false},"featured_media":8387,"template":"","meta":{"_et_pb_use_builder":"","_et_pb_old_content":"","_et_gb_content_width":""},"product_brand":[],"product_cat":[814,606],"product_tag":[],"class_list":{"0":"post-8379","1":"product","2":"type-product","3":"status-publish","4":"has-post-thumbnail","6":"product_cat-dla-babci-i-dziadka","7":"product_cat-naszyjniki","8":"pa_dlugosc-cm-45cm3cm","9":"pa_material-srebro-pozlacane","10":"pa_proba-87","11":"pa_producent-bomar","13":"first","14":"instock","15":"taxable","16":"shipping-taxable","17":"purchasable","18":"product-type-simple"},"yoast_head":"<!-- This site is optimized with the Yoast SEO plugin v27.4 - https:\/\/yoast.com\/product\/yoast-seo-wordpress\/ -->\n<title>Naszyjnik srebrny 925 poz\u0142acany Dzie\u0144 Babci grawer IMIONA wnucz\u0105t N71 - Jubiler Bomar<\/title>\n<meta name=\"robots\" content=\"index, follow, max-snippet:-1, max-image-preview:large, max-video-preview:-1\" \/>\n<link rel=\"canonical\" href=\"https:\/\/jubiler-bomar.eu\/sklep\/produkt\/naszyjnik-srebrny-925-pozlacany-dzien-babci-grawer-imiona-wnuczat-n71\/\" \/>\n<meta property=\"og:locale\" content=\"pl_PL\" \/>\n<meta property=\"og:type\" content=\"article\" \/>\n<meta property=\"og:title\" content=\"Naszyjnik srebrny 925 poz\u0142acany Dzie\u0144 Babci grawer IMIONA wnucz\u0105t N71 - Jubiler Bomar\" \/>\n<meta property=\"og:description\" content=\"\ud83d\udc9d Idealny prezent na Dzie\u0144 Babci. Naszyjnik srebrny z grawerem na serduszku od ka\u017cdego z wnucz\u0105t. Ilo\u015b\u0107 serduszek do wyboru 3, 4 lub 5\" \/>\n<meta property=\"og:url\" content=\"https:\/\/jubiler-bomar.eu\/sklep\/produkt\/naszyjnik-srebrny-925-pozlacany-dzien-babci-grawer-imiona-wnuczat-n71\/\" \/>\n<meta property=\"og:site_name\" content=\"Jubiler Bomar\" \/>\n<meta property=\"article:publisher\" content=\"https:\/\/www.facebook.com\/BomarJewellery\" \/>\n<meta property=\"og:image\" content=\"https:\/\/jubiler-bomar.eu\/sklep\/wp-content\/uploads\/2026\/01\/Bez-nazwy-35.jpg\" \/>\n\t<meta property=\"og:image:width\" content=\"1200\" \/>\n\t<meta property=\"og:image:height\" content=\"800\" \/>\n\t<meta property=\"og:image:type\" content=\"image\/jpeg\" \/>\n<meta name=\"twitter:card\" content=\"summary_large_image\" \/>\n<meta name=\"twitter:label1\" content=\"Szacowany czas czytania\" \/>\n\t<meta name=\"twitter:data1\" content=\"1 minuta\" \/>\n<script type=\"application\/ld+json\" class=\"yoast-schema-graph\">{\"@context\":\"https:\\\/\\\/schema.org\",\"@graph\":[{\"@type\":\"WebPage\",\"@id\":\"https:\\\/\\\/jubiler-bomar.eu\\\/sklep\\\/produkt\\\/naszyjnik-srebrny-925-pozlacany-dzien-babci-grawer-imiona-wnuczat-n71\\\/\",\"url\":\"https:\\\/\\\/jubiler-bomar.eu\\\/sklep\\\/produkt\\\/naszyjnik-srebrny-925-pozlacany-dzien-babci-grawer-imiona-wnuczat-n71\\\/\",\"name\":\"Naszyjnik srebrny 925 poz\u0142acany Dzie\u0144 Babci grawer IMIONA wnucz\u0105t N71 - Jubiler Bomar\",\"isPartOf\":{\"@id\":\"https:\\\/\\\/jubiler-bomar.eu\\\/sklep\\\/#website\"},\"primaryImageOfPage\":{\"@id\":\"https:\\\/\\\/jubiler-bomar.eu\\\/sklep\\\/produkt\\\/naszyjnik-srebrny-925-pozlacany-dzien-babci-grawer-imiona-wnuczat-n71\\\/#primaryimage\"},\"image\":{\"@id\":\"https:\\\/\\\/jubiler-bomar.eu\\\/sklep\\\/produkt\\\/naszyjnik-srebrny-925-pozlacany-dzien-babci-grawer-imiona-wnuczat-n71\\\/#primaryimage\"},\"thumbnailUrl\":\"https:\\\/\\\/jubiler-bomar.eu\\\/sklep\\\/wp-content\\\/uploads\\\/2026\\\/01\\\/Bez-nazwy-35.jpg\",\"datePublished\":\"2026-01-14T07:07:23+00:00\",\"breadcrumb\":{\"@id\":\"https:\\\/\\\/jubiler-bomar.eu\\\/sklep\\\/produkt\\\/naszyjnik-srebrny-925-pozlacany-dzien-babci-grawer-imiona-wnuczat-n71\\\/#breadcrumb\"},\"inLanguage\":\"pl-PL\",\"potentialAction\":[{\"@type\":\"ReadAction\",\"target\":[\"https:\\\/\\\/jubiler-bomar.eu\\\/sklep\\\/produkt\\\/naszyjnik-srebrny-925-pozlacany-dzien-babci-grawer-imiona-wnuczat-n71\\\/\"]}]},{\"@type\":\"ImageObject\",\"inLanguage\":\"pl-PL\",\"@id\":\"https:\\\/\\\/jubiler-bomar.eu\\\/sklep\\\/produkt\\\/naszyjnik-srebrny-925-pozlacany-dzien-babci-grawer-imiona-wnuczat-n71\\\/#primaryimage\",\"url\":\"https:\\\/\\\/jubiler-bomar.eu\\\/sklep\\\/wp-content\\\/uploads\\\/2026\\\/01\\\/Bez-nazwy-35.jpg\",\"contentUrl\":\"https:\\\/\\\/jubiler-bomar.eu\\\/sklep\\\/wp-content\\\/uploads\\\/2026\\\/01\\\/Bez-nazwy-35.jpg\",\"width\":1200,\"height\":800,\"caption\":\"78e64359ab2a94630972e765e1867458115c1774eb178af6f3ff6e0bf564ed5090d172f5466bbd4f8e310d54af47625fe4a20a07c909b49a8c289c4688870c901bd3b0544c6bfa98e4802b14f03acc4a\"},{\"@type\":\"BreadcrumbList\",\"@id\":\"https:\\\/\\\/jubiler-bomar.eu\\\/sklep\\\/produkt\\\/naszyjnik-srebrny-925-pozlacany-dzien-babci-grawer-imiona-wnuczat-n71\\\/#breadcrumb\",\"itemListElement\":[{\"@type\":\"ListItem\",\"position\":1,\"name\":\"Strona g\u0142\u00f3wna\",\"item\":\"https:\\\/\\\/jubiler-bomar.eu\\\/sklep\\\/\"},{\"@type\":\"ListItem\",\"position\":2,\"name\":\"Sklep\",\"item\":\"https:\\\/\\\/jubiler-bomar.eu\\\/sklep\\\/sklep\\\/\"},{\"@type\":\"ListItem\",\"position\":3,\"name\":\"Naszyjnik srebrny 925 poz\u0142acany Dzie\u0144 Babci grawer IMIONA wnucz\u0105t N71\"}]},{\"@type\":\"WebSite\",\"@id\":\"https:\\\/\\\/jubiler-bomar.eu\\\/sklep\\\/#website\",\"url\":\"https:\\\/\\\/jubiler-bomar.eu\\\/sklep\\\/\",\"name\":\"Jubiler BOMAR\",\"description\":\"\",\"publisher\":{\"@id\":\"https:\\\/\\\/jubiler-bomar.eu\\\/sklep\\\/#organization\"},\"potentialAction\":[{\"@type\":\"SearchAction\",\"target\":{\"@type\":\"EntryPoint\",\"urlTemplate\":\"https:\\\/\\\/jubiler-bomar.eu\\\/sklep\\\/?s={search_term_string}\"},\"query-input\":{\"@type\":\"PropertyValueSpecification\",\"valueRequired\":true,\"valueName\":\"search_term_string\"}}],\"inLanguage\":\"pl-PL\"},{\"@type\":\"Organization\",\"@id\":\"https:\\\/\\\/jubiler-bomar.eu\\\/sklep\\\/#organization\",\"name\":\"Jubiler Bomar\",\"url\":\"https:\\\/\\\/jubiler-bomar.eu\\\/sklep\\\/\",\"logo\":{\"@type\":\"ImageObject\",\"inLanguage\":\"pl-PL\",\"@id\":\"https:\\\/\\\/jubiler-bomar.eu\\\/sklep\\\/#\\\/schema\\\/logo\\\/image\\\/\",\"url\":\"https:\\\/\\\/jubiler-bomar.eu\\\/sklep\\\/wp-content\\\/uploads\\\/2023\\\/02\\\/bomar-jubiler-logo-1.jpg\",\"contentUrl\":\"https:\\\/\\\/jubiler-bomar.eu\\\/sklep\\\/wp-content\\\/uploads\\\/2023\\\/02\\\/bomar-jubiler-logo-1.jpg\",\"width\":500,\"height\":156,\"caption\":\"Jubiler Bomar\"},\"image\":{\"@id\":\"https:\\\/\\\/jubiler-bomar.eu\\\/sklep\\\/#\\\/schema\\\/logo\\\/image\\\/\"},\"sameAs\":[\"https:\\\/\\\/www.facebook.com\\\/BomarJewellery\"]}]}<\/script>\n<!-- \/ Yoast SEO plugin. -->","yoast_head_json":{"title":"Naszyjnik srebrny 925 poz\u0142acany Dzie\u0144 Babci grawer IMIONA wnucz\u0105t N71 - Jubiler Bomar","robots":{"index":"index","follow":"follow","max-snippet":"max-snippet:-1","max-image-preview":"max-image-preview:large","max-video-preview":"max-video-preview:-1"},"canonical":"https:\/\/jubiler-bomar.eu\/sklep\/produkt\/naszyjnik-srebrny-925-pozlacany-dzien-babci-grawer-imiona-wnuczat-n71\/","og_locale":"pl_PL","og_type":"article","og_title":"Naszyjnik srebrny 925 poz\u0142acany Dzie\u0144 Babci grawer IMIONA wnucz\u0105t N71 - Jubiler Bomar","og_description":"\ud83d\udc9d Idealny prezent na Dzie\u0144 Babci. Naszyjnik srebrny z grawerem na serduszku od ka\u017cdego z wnucz\u0105t. Ilo\u015b\u0107 serduszek do wyboru 3, 4 lub 5","og_url":"https:\/\/jubiler-bomar.eu\/sklep\/produkt\/naszyjnik-srebrny-925-pozlacany-dzien-babci-grawer-imiona-wnuczat-n71\/","og_site_name":"Jubiler Bomar","article_publisher":"https:\/\/www.facebook.com\/BomarJewellery","og_image":[{"width":1200,"height":800,"url":"https:\/\/jubiler-bomar.eu\/sklep\/wp-content\/uploads\/2026\/01\/Bez-nazwy-35.jpg","type":"image\/jpeg"}],"twitter_card":"summary_large_image","twitter_misc":{"Szacowany czas czytania":"1 minuta"},"schema":{"@context":"https:\/\/schema.org","@graph":[{"@type":"WebPage","@id":"https:\/\/jubiler-bomar.eu\/sklep\/produkt\/naszyjnik-srebrny-925-pozlacany-dzien-babci-grawer-imiona-wnuczat-n71\/","url":"https:\/\/jubiler-bomar.eu\/sklep\/produkt\/naszyjnik-srebrny-925-pozlacany-dzien-babci-grawer-imiona-wnuczat-n71\/","name":"Naszyjnik srebrny 925 poz\u0142acany Dzie\u0144 Babci grawer IMIONA wnucz\u0105t N71 - Jubiler Bomar","isPartOf":{"@id":"https:\/\/jubiler-bomar.eu\/sklep\/#website"},"primaryImageOfPage":{"@id":"https:\/\/jubiler-bomar.eu\/sklep\/produkt\/naszyjnik-srebrny-925-pozlacany-dzien-babci-grawer-imiona-wnuczat-n71\/#primaryimage"},"image":{"@id":"https:\/\/jubiler-bomar.eu\/sklep\/produkt\/naszyjnik-srebrny-925-pozlacany-dzien-babci-grawer-imiona-wnuczat-n71\/#primaryimage"},"thumbnailUrl":"https:\/\/jubiler-bomar.eu\/sklep\/wp-content\/uploads\/2026\/01\/Bez-nazwy-35.jpg","datePublished":"2026-01-14T07:07:23+00:00","breadcrumb":{"@id":"https:\/\/jubiler-bomar.eu\/sklep\/produkt\/naszyjnik-srebrny-925-pozlacany-dzien-babci-grawer-imiona-wnuczat-n71\/#breadcrumb"},"inLanguage":"pl-PL","potentialAction":[{"@type":"ReadAction","target":["https:\/\/jubiler-bomar.eu\/sklep\/produkt\/naszyjnik-srebrny-925-pozlacany-dzien-babci-grawer-imiona-wnuczat-n71\/"]}]},{"@type":"ImageObject","inLanguage":"pl-PL","@id":"https:\/\/jubiler-bomar.eu\/sklep\/produkt\/naszyjnik-srebrny-925-pozlacany-dzien-babci-grawer-imiona-wnuczat-n71\/#primaryimage","url":"https:\/\/jubiler-bomar.eu\/sklep\/wp-content\/uploads\/2026\/01\/Bez-nazwy-35.jpg","contentUrl":"https:\/\/jubiler-bomar.eu\/sklep\/wp-content\/uploads\/2026\/01\/Bez-nazwy-35.jpg","width":1200,"height":800,"caption":"78e64359ab2a94630972e765e1867458115c1774eb178af6f3ff6e0bf564ed5090d172f5466bbd4f8e310d54af47625fe4a20a07c909b49a8c289c4688870c901bd3b0544c6bfa98e4802b14f03acc4a"},{"@type":"BreadcrumbList","@id":"https:\/\/jubiler-bomar.eu\/sklep\/produkt\/naszyjnik-srebrny-925-pozlacany-dzien-babci-grawer-imiona-wnuczat-n71\/#breadcrumb","itemListElement":[{"@type":"ListItem","position":1,"name":"Strona g\u0142\u00f3wna","item":"https:\/\/jubiler-bomar.eu\/sklep\/"},{"@type":"ListItem","position":2,"name":"Sklep","item":"https:\/\/jubiler-bomar.eu\/sklep\/sklep\/"},{"@type":"ListItem","position":3,"name":"Naszyjnik srebrny 925 poz\u0142acany Dzie\u0144 Babci grawer IMIONA wnucz\u0105t N71"}]},{"@type":"WebSite","@id":"https:\/\/jubiler-bomar.eu\/sklep\/#website","url":"https:\/\/jubiler-bomar.eu\/sklep\/","name":"Jubiler BOMAR","description":"","publisher":{"@id":"https:\/\/jubiler-bomar.eu\/sklep\/#organization"},"potentialAction":[{"@type":"SearchAction","target":{"@type":"EntryPoint","urlTemplate":"https:\/\/jubiler-bomar.eu\/sklep\/?s={search_term_string}"},"query-input":{"@type":"PropertyValueSpecification","valueRequired":true,"valueName":"search_term_string"}}],"inLanguage":"pl-PL"},{"@type":"Organization","@id":"https:\/\/jubiler-bomar.eu\/sklep\/#organization","name":"Jubiler Bomar","url":"https:\/\/jubiler-bomar.eu\/sklep\/","logo":{"@type":"ImageObject","inLanguage":"pl-PL","@id":"https:\/\/jubiler-bomar.eu\/sklep\/#\/schema\/logo\/image\/","url":"https:\/\/jubiler-bomar.eu\/sklep\/wp-content\/uploads\/2023\/02\/bomar-jubiler-logo-1.jpg","contentUrl":"https:\/\/jubiler-bomar.eu\/sklep\/wp-content\/uploads\/2023\/02\/bomar-jubiler-logo-1.jpg","width":500,"height":156,"caption":"Jubiler Bomar"},"image":{"@id":"https:\/\/jubiler-bomar.eu\/sklep\/#\/schema\/logo\/image\/"},"sameAs":["https:\/\/www.facebook.com\/BomarJewellery"]}]}},"_links":{"self":[{"href":"https:\/\/jubiler-bomar.eu\/sklep\/wp-json\/wp\/v2\/product\/8379","targetHints":{"allow":["GET"]}}],"collection":[{"href":"https:\/\/jubiler-bomar.eu\/sklep\/wp-json\/wp\/v2\/product"}],"about":[{"href":"https:\/\/jubiler-bomar.eu\/sklep\/wp-json\/wp\/v2\/types\/product"}],"wp:featuredmedia":[{"embeddable":true,"href":"https:\/\/jubiler-bomar.eu\/sklep\/wp-json\/wp\/v2\/media\/8387"}],"wp:attachment":[{"href":"https:\/\/jubiler-bomar.eu\/sklep\/wp-json\/wp\/v2\/media?parent=8379"}],"wp:term":[{"taxonomy":"product_brand","embeddable":true,"href":"https:\/\/jubiler-bomar.eu\/sklep\/wp-json\/wp\/v2\/product_brand?post=8379"},{"taxonomy":"product_cat","embeddable":true,"href":"https:\/\/jubiler-bomar.eu\/sklep\/wp-json\/wp\/v2\/product_cat?post=8379"},{"taxonomy":"product_tag","embeddable":true,"href":"https:\/\/jubiler-bomar.eu\/sklep\/wp-json\/wp\/v2\/product_tag?post=8379"}],"curies":[{"name":"wp","href":"https:\/\/api.w.org\/{rel}","templated":true}]}}